{"id":1354,"date":"2019-07-20T10:08:41","date_gmt":"2019-07-20T09:08:41","guid":{"rendered":"http:\/\/wrh.edu.pl\/?page_id=1354"},"modified":"2021-10-07T08:10:21","modified_gmt":"2021-10-07T07:10:21","slug":"wrh-tom-xvi-2019-nr-2-z-dziejow-rzeczpospolitej-obojga-narodow","status":"publish","type":"page","link":"http:\/\/wrh.edu.pl\/?page_id=1354","title":{"rendered":"T. XVI (2019), \u2116 2"},"content":{"rendered":"\n<h1 class=\"wp-block-heading\">Wschodni Rocznik Humanistyczny, tom XVI (2019), \u2116 2:  &#8222;Jedno nierozdzielne i nier\u00f3\u017cne cia\u0142o&#8221;. Studia z dziej\u00f3w polsko-litewskiej Rzeczypospolitej, pod red. Artura Goszczy\u0144skiego<\/h1>\n\n\n\n<p>Strona tytu\u0142owa, spis tre\u015bci<\/p>\n\n\n\n<p>Strona redakcji:&nbsp;<a href=\"http:\/\/wrh.edu.pl\/\">http:\/\/wrh.edu.pl<\/a><\/p>\n\n\n\n<p>RADA NAUKOWA<br>prof. dr hab. <strong>Rolf Fieguth<\/strong>, Uniwersytet we Fryburgu, Szwajcaria<br>prof. dr <strong>Oleg Witaljewicz Gorbaczow<\/strong>, Uralski Federalny Uniwersytet, Jekaterynburg, Rosja<br>dr <strong>Gediminas Kaz\u0117nas<\/strong>, Mykolas Romeris University, Wilno, Litwa<br>dr <strong>Jussi Laine<\/strong>, University of Eastern Finland, Finlandia<br>prof. dr <strong>Siergiej Walentinowicz Lubiczankowskij<\/strong>, Orenburski Uniwersytet Pa\u0144stwowy, Rosja<br>prof. dr hab. <strong>Sigistas Narbutas<\/strong>, Biblioteka Naukowa im. Wr\u00f3blewskich w Wilnie, Litwa<br>dr <strong>Janusz Nowak<\/strong>, kierownik Archiwum i Zbioru R\u0119kopis\u00f3w Biblioteki xx Czartoryskich w Krakowie<br>dr <strong>Pierre-Etienne Penot<\/strong>, The Catholic University of the Vand\u00e9e, La Roche-sur-Yon, Francja<br>prof. dr hab. <strong>Miros\u0142aw Piotrowski<\/strong>, Katolicki Uniwersytet Lubelski<br>prof. dr hab. <strong>Marek Plewczy\u0144ski<\/strong>, Uniwersytet Przyrodniczo-Humanistyczny w Siedlcach<br>prof. dr <strong>Ludmi\u0142a Posochowa<\/strong>, Charkowski Uniwersytet Narodowy im. W.N. Karazina, Ukraina<br>prof. dr hab. <strong>Krzysztof Skupie\u0144ski<\/strong>, Uniwersytet Marii Curie-Sk\u0142odowskiej w Lublinie<br>dr <strong>George Soroka<\/strong>, Harvard University, USA<br>dr hab. <strong>Maria Starnawska<\/strong>,  Uniwersytet Przyrodniczo-Humanistyczny w Siedlcach <br>prof. dr <strong>Walerij Leonidowicz Stiepanow<\/strong>, Instytut Ekonomiki Rosyjskiej Akademii Nauk, Moskwa, Rosja<br>prof. dr hab. <strong>Tadeusz M. Trajdos<\/strong>, Instytut Historii Polskiej Akademii Nauk<br>dr hab. <strong>Marek Wagner<\/strong>, prof. Uniwersytetu Przyrodniczo-Humanistycznego w Siedlcach<\/p>\n\n\n\n<p>REDAKCJA i KOLEGIUM REDAKCYJNE<br><strong>Redaktor naczelny: <\/strong>Artur G\u00f3rak.<br><strong>Z-ca redaktora naczelnego:&nbsp;<\/strong>Dariusz Magier.<br><strong>Sekretarz:<\/strong> Artur Goszczy\u0144ski.<br>Redaktor dzia\u0142u &#8222;filozofia&#8221;: <strong>Leszek Gawor.<br><\/strong>Redaktor dzia\u0142u &#8222;historia&#8221;: <strong>Krzysztof Latawiec.<br><\/strong>Redaktor dzia\u0142u &#8222;historia literatury&#8221;: <em><strong>vacat.<\/strong><\/em><br>Redaktor dzia\u0142u &#8222;stosunki mi\u0119dzynarodowe&#8221;: <strong>Tomasz St\u0119pniewski.<br><\/strong>Redaktor dzia\u0142u &#8222;politologia&#8221;: <strong>Andrzej Szabaciuk.<\/strong><\/p>\n\n\n\n<p>CZASOPISMO RECENZOWANE<\/p>\n\n\n\n<p>Opracowanie graficzne, sk\u0142ad i \u0142amanie:  <strong>Przemys\u0142aw Tytus Krupski<\/strong>.<br>Korekta: <strong>Patrycja Kanak<\/strong> (ang.), <strong>Jakub Hapka <\/strong>(pol.), <strong>Artur G\u00f3rak<\/strong> (ros.) .<br>T\u0142umaczenia angielskie: <strong>Robert St\u0119pie\u0144<\/strong>, rosyjskie: <strong>Artur G\u00f3rak<\/strong>.<\/p>\n\n\n\n<p>Wydawca<strong>: Towarzystwo Nauki i Kultury \u201eLibra\u201d<\/strong>, ul. Szeligowskiego 8\/97, 20-883 Lublin<br>\u00a9 ToNiK \u201eLibra\u201d<br>ISSN 1731-982X<\/p>\n\n\n\n<p><img loading=\"lazy\" decoding=\"async\" class=\"alignnone size-medium wp-image-740 aligncenter\" src=\"http:\/\/wrh.edu.pl\/wp-content\/uploads\/2017\/10\/Finalik-300x94.jpg\" alt=\"\" width=\"300\" height=\"94\" srcset=\"http:\/\/wrh.edu.pl\/wp-content\/uploads\/2017\/10\/Finalik-300x94.jpg 300w, http:\/\/wrh.edu.pl\/wp-content\/uploads\/2017\/10\/Finalik.jpg 760w\" sizes=\"auto, (max-width: 300px) 100vw, 300px\" \/><\/p>\n<h2 style=\"text-align: center;\">&#8222;Jedno nierozdzielne i nier\u00f3\u017cne cia\u0142o&#8221;. Studia z dziej\u00f3w polsko-litewskiej Rzeczypospolitej, pod red. Artura Goszczy\u0144skiego.<\/h2>\n<p><img loading=\"lazy\" decoding=\"async\" class=\"aligncenter\" src=\"http:\/\/wrh.edu.pl\/wp-content\/uploads\/2019\/11\/motyw-z-ok%C5%82adki-Unia-Lubelska-e1572853732192.jpg\" width=\"543\" height=\"511\" \/><\/p>\n<p style=\"text-align: center;\">450-a rocznika Unii Lubelskiej<\/p>\n<p><img loading=\"lazy\" decoding=\"async\" class=\"alignnone size-medium wp-image-1297\" src=\"http:\/\/wrh.edu.pl\/wp-content\/uploads\/2019\/04\/0007-1-300x133.jpg\" alt=\"\" width=\"300\" height=\"133\" \/><\/p>\n<p><strong>Pawe\u0142 Jusiak<\/strong> (Uniwersytet Marii Curie-Sk\u0142odowskiej), <a href=\"http:\/\/wrh.edu.pl\/wp-content\/uploads\/2019\/10\/wrh16_no2_Jusiak.pdf\"><strong><em>Kariery urz\u0119dnicze i parlamentarne \u017b\u00f3\u0142kiewskich herbu Lubicz w XVI-XVII wieku<\/em><\/strong><\/a>, &#8222;Wschodni Rocznik Humanistyczny&#8221; tom XVI (2019), nr 2, s. 9-28.<br \/><span style=\"color: #0000ff;\"><strong>DOI: 10.36121\/PJUSIAK.16.2019.2.009<\/strong><\/span><br \/><strong>The clerical and parliamentary careers of the \u017b\u00f3\u0142kiewski family of the Lubicz coat of arms in the 16th-17th centuries.<\/strong><\/p>\n<p><strong><br \/><\/strong><strong>Janusz Dorobisz<\/strong> (Uniwersytet Opolski), <a href=\"http:\/\/wrh.edu.pl\/wp-content\/uploads\/2019\/10\/wrh16_no2_Dorobisz.pdf\"><em><strong>Kariery dygnitarzy duchownych koronnych Waz\u00f3w<\/strong><\/em><\/a>, &#8222;Wschodni Rocznik Humanistyczny&#8221; tom XVI (2019), nr 2, s. 29-48.<br \/><strong><span style=\"color: #0000ff;\">DOI: 10.36121\/JDOROBISZ.16.2019.2.029<\/span><\/strong><br \/><strong>The careers of the cleric dignitaries of the Crown during Vasa times.<\/strong><\/p>\n<p><br \/><strong>Artur Goszczy\u0144ski<\/strong> (ToNiK &#8222;Libra&#8221;), <em><strong><a href=\"http:\/\/wrh.edu.pl\/wp-content\/uploads\/2019\/10\/wrh16_no2_Goszczynski.pdf\">Aleksandra Koniecpolskiego, chor\u0105\u017cego koronnego, sprawy publiczne i prywatne (do 1648 roku)<\/a><\/strong><\/em>, &#8222;Wschodni Rocznik Humanistyczny&#8221; tom XVI (2019), nr 2, s. 47-74.<br \/><span style=\"color: #0000ff;\"><strong>DOI: 10.36121\/AGOSZCZYNSKI.16.2019.2.047<\/strong><\/span><br \/><strong>The public and personal affairs of Grand Standard Bearer of the Crown Aleksander Koniecpolski (in the period until 1648).<\/strong><\/p>\n<p><br \/><strong>Pawe\u0142 Duda<\/strong> (Uniwersytet \u015al\u0105ski), <a href=\"http:\/\/wrh.edu.pl\/wp-content\/uploads\/2019\/10\/wrh16_no2_Duda.pdf\"><strong><em>\u201eJego \u015awi\u0105tobliwo\u015b\u0107 uznaje, \u017ce lepiej b\u0119dzie kontynuowa\u0107 wojn\u0119, tym bardziej kiedy jest nadzieja na zwyci\u0119stwo\u201d.<\/em> Aktywno\u015b\u0107 dyplomacji papieskiej podczas konfliktu polsko-tureckiego z lat 1633-1634<\/strong><\/a>, &#8222;Wschodni Rocznik Humanistyczny&#8221; tom XVI (2019), nr 2, s. 75-98.<br \/><strong><span style=\"color: #0000ff;\">DOI: 10.36121\/PDUDA.16.2019.2.075<\/span><\/strong><br \/><strong>\u201cHis Holiness thinks that war should be continued, especially when there\u2019s hope for final victory\u201d. Activities of Papal diplomacy during Polish-Turkish conflict of 1633-1634.<\/strong><\/p>\n<p><br \/><strong>Aleksandra Ziober<\/strong> (Uniwersytet Wroc\u0142awski), <a href=\"http:\/\/wrh.edu.pl\/wp-content\/uploads\/2019\/10\/wrh16_no2_Ziober.pdf\"><strong><em>Kazimierz Jan Sapieha jako wzorzec osobowy magnata w \u015bwietle \u017by\u0107 Sapieh\u00f3w autorstwa Kazimierza Kognowickiego<\/em><\/strong><\/a>, &#8222;Wschodni Rocznik Humanistyczny&#8221; tom XVI (2019), nr 2, s. 99-114.<br \/><span style=\"color: #0000ff;\"><strong>DOI: 10.36121\/AZIOBER.16.2019.2.099<\/strong><\/span><br \/><strong>Kazimierz Jan Sapieha as a personal model of a magnate in the light of Sapieha Life by Kazimierz Kognowicki.<\/strong><\/p>\n<p><br \/><strong>Ivan Gavryliuk<\/strong> (Uniwersytet Warszawski), <a href=\"http:\/\/wrh.edu.pl\/wp-content\/uploads\/2019\/10\/wrh16_no2_Gavryliuk.pdf\"><strong><em>Nieznana strona znanej wojny: g\u0142\u00f3d w armiach koronnej i kozackiej w pierwszych latach powstania Bohdana Chmielnickiego<\/em><\/strong><\/a>, &#8222;Wschodni Rocznik Humanistyczny&#8221; tom XVI (2019), nr 2, s. 115-132.<br \/><strong><span style=\"color: #0000ff;\">DOI: 10.36121\/IGAVRYLJUK.16.2019.2.115<\/span><\/strong><br \/><strong>Unknown page of known war: hunger among Cossack and Crown armies during first years of Bohdan Khmelnytsky\u2019s Uprising.<\/strong><\/p>\n<p><br \/><strong>Leszek Wierzbicki<\/strong> (Uniwersytet Marii Curie-Sk\u0142odowskiej), <a href=\"http:\/\/wrh.edu.pl\/wp-content\/uploads\/2019\/09\/wrh16_no2_Leszek_Wierzbicki.pdf\"><strong>The Masovian Voivodship\u2019s deputy sejmiks and their deputies to the Crown Tribunal in the years 1660-1700<\/strong><\/a>, &#8222;Wschodni Rocznik Humanistyczny&#8221; tom XVI (2019), nr 2, s. 133-142.<br \/><span style=\"color: #0000ff;\"><strong>DOI: 10.36121\/LWIERZBICKI.16.2019.2.133<\/strong><\/span><br \/><strong><em>Sejmiki deputackie i deputaci wojew\u00f3dztwa mazowieckiego na Trybuna\u0142 Koronny w latach 1660-1700.<\/em><\/strong><\/p>\n<p><br \/><strong>Zbigniew Hundert<\/strong> (Zamek Kr\u00f3lewski w Warszawie \u2013 Muzeum), <a href=\"http:\/\/wrh.edu.pl\/wp-content\/uploads\/2019\/10\/wrh16_no2_Hundert.pdf\"><strong><em>Dzia\u0142alno\u015b\u0107 polityczno\u2013wojskowa chor\u0105\u017cego koronnego i wojewody kijowskiego Andrzeja Potockiego w latach 1667\u20131673<\/em><\/strong><\/a>, &#8222;Wschodni Rocznik Humanistyczny&#8221; tom XVI (2019), nr 2, s. 143-168.<br \/><strong><span style=\"color: #0000ff;\">DOI: 10.36121\/ZHUNDERT.16.2019.2.143<\/span><\/strong><br \/><strong>Political and military activities of the Crown Ensignand the voivode of Kiev Andrzej Potocki in the years 1667\u20131673.<\/strong><\/p>\n<p><br \/><strong>Mariusz Sawicki <\/strong>(Uniwersytet Opolski), <strong><a href=\"http:\/\/wrh.edu.pl\/wp-content\/uploads\/2019\/10\/wrh16_no2_MSawicki.pdf\"><em>Wielkie Ksi\u0119stwo Litewskie w relacjach berli\u0144skich Philipa Plantamoura w latach 1700-1703<\/em><\/a>, <\/strong>&#8222;Wschodni Rocznik Humanistyczny&#8221; tom XVI (2019), nr 2, s. 169-192.<br \/><strong><span style=\"color: #0000ff;\">DOI: 10.36121\/MSAWICKI.16.2019.2.169<\/span><br \/>The Grand Duchy of Lithuania in the reports of Philip Plantamour from Berlin from 1700\u20131703.<\/strong><\/p>\n<p><strong>Witalij Nagirnyj<\/strong> (Uniwersytet Jagiello\u0144ski), <a href=\"http:\/\/wrh.edu.pl\/wp-content\/uploads\/2019\/10\/wrh16_no2_Nagirnyy.pdf\"><strong><em>Pocz\u0105tki zamku czernelickiego<\/em><\/strong><\/a>, &#8222;Wschodni Rocznik Humanistyczny&#8221; tom XVI (2019), nr 2, s. 193-208.<br \/><strong><span style=\"color: #0000ff;\">DOI: 10.36121\/WNAGIRNYJ.16.2019.2.193<\/span><\/strong><br \/><strong>The beginnings of the Chernelitse castle.<\/strong><\/p>\n<p><strong>Filip Wola\u0144ski<\/strong> (Uniwersytet Wroc\u0142awski), <a href=\"http:\/\/wrh.edu.pl\/wp-content\/uploads\/2019\/10\/wrh16_no2_Wolanski.pdf\"><strong>The place of Ruthenian lands in the historiography of the Polish-Lithuanian Commonwealth in the 18<sup>th <\/sup>century. Selected aspects<\/strong><\/a>, &#8222;Wschodni Rocznik Humanistyczny&#8221; tom XVI (2019), nr 2., s. 209-218.<br \/><span style=\"color: #0000ff;\"><strong>DOI: 10.36121\/FWOLANSKI.16.2019.2.209<\/strong><\/span><br \/><strong><em>Miejsce ziem ruskich w historiografii Rzeczypospolitej w XVIII w. Wybrane aspekty.<\/em><\/strong><\/p>\n<p><br \/><strong>Grzegorz Wrona<\/strong> (Uniwersytet Marii Curie-Sk\u0142odowskiej), <a href=\"http:\/\/wrh.edu.pl\/wp-content\/uploads\/2019\/10\/wrh16_no2_Wrona.pdf\"><strong><em>Problematyka \u017cup solnych w kontraktach skarbowych na dobra ekonomii samborskiej z drugiej po\u0142owy XVII i XVIII wieku<\/em><\/strong><\/a>, &#8222;Wschodni Rocznik Humanistyczny&#8221; tom XVI (2019), nr 2, s. 219-238.<br \/><strong><span style=\"color: #0000ff;\">DOI: 10.36121\/GWRONA.16.2019.2.219<\/span><\/strong><br \/><strong>Saltwork issues in the treasury contracts for Sambor crown estate from the second half of the 17<sup>th<\/sup> and 18<sup>th <\/sup>century.<\/strong><\/p>\n<p><strong>Daniel Sawicki <\/strong>(Bia\u0142a Podlaska)<strong>, <a href=\"http:\/\/wrh.edu.pl\/wp-content\/uploads\/2019\/10\/wrh16_no2_DSawicki.pdf\"><em>G\u0142\u00f3wne za\u0142o\u017cenia reform staroruskiej notacji muzycznej na przyk\u0142adzie traktatu teoretycznego Iwana Szajdurowa<\/em><\/a>, <\/strong>&#8222;Wschodni Rocznik Humanistyczny&#8221; tom XVI (2019), nr 2, 239-262.<br \/><strong><span style=\"color: #0000ff;\">DOI: 10.36121\/DSAWICKI.16.2019.2.239<\/span><br \/>The main assumptions of reforms of the Old Ruthenian musical notation on the example of the theoretical treatise of Ivan Szajdurow.<\/strong><\/p>\n<p><strong>Violetta Machnicka<\/strong> (Siedleckie Towarzystwo Naukowe), <strong>Barbara Stelingowska<\/strong> (Uniwersytet Przyrodniczo-Humanistyczny), <a href=\"http:\/\/wrh.edu.pl\/wp-content\/uploads\/2019\/10\/wrh16_no2_Machnicka_Stelingowska.pdf\"><strong><em>Od Paska do Prusa. O biograficznych i literackich zwi\u0105zkach \u201emocarzy pi\u00f3ra\u201d z Polsk\u0105 Wschodni\u0105<\/em><\/strong><\/a>, &#8222;Wschodni Rocznik Humanistyczny&#8221; tom XVI (2019), nr 2, s. 263-278.<br \/><strong><span style=\"color: #0000ff;\">DOI: 10.36121\/VMACHNICKABSTELINGOWSKA.16.2019.2.263<\/span><\/strong><br \/><strong>From Ch.Pasek to B.Prus. On biographical and literary relations of the &#8222;strong men of the pen&#8221; with Eastern Poland.<\/strong><\/p>\n<p>\u00a0<\/p>\n<p><br \/><img loading=\"lazy\" decoding=\"async\" class=\"alignnone size-medium wp-image-1293\" src=\"http:\/\/wrh.edu.pl\/wp-content\/uploads\/2019\/04\/Varia-300x117.jpg\" alt=\"\" width=\"300\" height=\"117\" srcset=\"http:\/\/wrh.edu.pl\/wp-content\/uploads\/2019\/04\/Varia-300x117.jpg 300w, http:\/\/wrh.edu.pl\/wp-content\/uploads\/2019\/04\/Varia.jpg 471w\" sizes=\"auto, (max-width: 300px) 100vw, 300px\" \/><br \/><strong>Grzegorz Ga\u0142\u0119zowski<\/strong> (Instytut Pami\u0119ci Narodowej, Lublin), <a href=\"http:\/\/wrh.edu.pl\/wp-content\/uploads\/2019\/10\/wrh16_no2_Galezowski.pdf\"><strong><em>Enterprise Content Management w Polsce<\/em><\/strong><\/a>, &#8222;Wschodni Rocznik Humanistyczny&#8221; tom XVI (2019), nr 2, s. 279-299.<br \/><span style=\"color: #0000ff;\"><strong>DOI: 10.36121\/GGALEZOWSKI.16.2019.2.279<\/strong><\/span><br \/><em><strong>Enterprise Content Management in Poland.<\/strong><\/em><\/p>\n\n\n\n<p><a href=\"http:\/\/305_WRH_17_2_nwrh16_no2_V2\">Noty autorskie &#8211; Autors<\/a><\/p>\n","protected":false},"excerpt":{"rendered":"<p>Wschodni Rocznik Humanistyczny, tom XVI (2019), \u2116 2: &#8222;Jedno nierozdzielne i nier\u00f3\u017cne cia\u0142o&#8221;. Studia z dziej\u00f3w polsko-litewskiej Rzeczypospolitej, pod red. Artura Goszczy\u0144skiego Strona tytu\u0142owa, spis tre\u015bci Strona redakcji:&nbsp;http:\/\/wrh.edu.pl RADA NAUKOWAprof. dr hab. Rolf Fieguth, Uniwersytet we Fryburgu, Szwajcariaprof. dr Oleg Witaljewicz Gorbaczow, Uralski Federalny Uniwersytet, Jekaterynburg, Rosjadr Gediminas Kaz\u0117nas, Mykolas Romeris University, Wilno, Litwadr Jussi [&hellip;]<\/p>\n","protected":false},"author":2,"featured_media":0,"parent":0,"menu_order":28,"comment_status":"closed","ping_status":"closed","template":"","meta":{"footnotes":""},"class_list":["post-1354","page","type-page","status-publish","hentry"],"yoast_head":"<!-- This site is optimized with the Yoast SEO plugin v27.4 - https:\/\/yoast.com\/product\/yoast-seo-wordpress\/ -->\n<title>T. XVI (2019), \u2116 2 - Wschodni Rocznik Humanistyczny<\/title>\n<meta name=\"robots\" content=\"index, follow, max-snippet:-1, max-image-preview:large, max-video-preview:-1\" \/>\n<link rel=\"canonical\" href=\"http:\/\/wrh.edu.pl\/?page_id=1354\" \/>\n<meta property=\"og:locale\" content=\"pl_PL\" \/>\n<meta property=\"og:type\" content=\"article\" \/>\n<meta property=\"og:title\" content=\"T. XVI (2019), \u2116 2 - Wschodni Rocznik Humanistyczny\" \/>\n<meta property=\"og:description\" content=\"Wschodni Rocznik Humanistyczny, tom XVI (2019), \u2116 2: &#8222;Jedno nierozdzielne i nier\u00f3\u017cne cia\u0142o&#8221;. Studia z dziej\u00f3w polsko-litewskiej Rzeczypospolitej, pod red. Artura Goszczy\u0144skiego Strona tytu\u0142owa, spis tre\u015bci Strona redakcji:&nbsp;http:\/\/wrh.edu.pl RADA NAUKOWAprof. dr hab. Rolf Fieguth, Uniwersytet we Fryburgu, Szwajcariaprof. dr Oleg Witaljewicz Gorbaczow, Uralski Federalny Uniwersytet, Jekaterynburg, Rosjadr Gediminas Kaz\u0117nas, Mykolas Romeris University, Wilno, Litwadr Jussi [&hellip;]\" \/>\n<meta property=\"og:url\" content=\"http:\/\/wrh.edu.pl\/?page_id=1354\" \/>\n<meta property=\"og:site_name\" content=\"Wschodni Rocznik Humanistyczny\" \/>\n<meta property=\"article:modified_time\" content=\"2021-10-07T07:10:21+00:00\" \/>\n<meta property=\"og:image\" content=\"http:\/\/wrh.edu.pl\/wp-content\/uploads\/2017\/10\/Finalik-300x94.jpg\" \/>\n<meta name=\"twitter:card\" content=\"summary_large_image\" \/>\n<meta name=\"twitter:label1\" content=\"Szacowany czas czytania\" \/>\n\t<meta name=\"twitter:data1\" content=\"6 minut\" \/>\n<script type=\"application\/ld+json\" class=\"yoast-schema-graph\">{\"@context\":\"https:\\\/\\\/schema.org\",\"@graph\":[{\"@type\":\"WebPage\",\"@id\":\"http:\\\/\\\/wrh.edu.pl\\\/?page_id=1354\",\"url\":\"http:\\\/\\\/wrh.edu.pl\\\/?page_id=1354\",\"name\":\"T. XVI (2019), \u2116 2 - Wschodni Rocznik Humanistyczny\",\"isPartOf\":{\"@id\":\"http:\\\/\\\/wrh.edu.pl\\\/#website\"},\"primaryImageOfPage\":{\"@id\":\"http:\\\/\\\/wrh.edu.pl\\\/?page_id=1354#primaryimage\"},\"image\":{\"@id\":\"http:\\\/\\\/wrh.edu.pl\\\/?page_id=1354#primaryimage\"},\"thumbnailUrl\":\"http:\\\/\\\/wrh.edu.pl\\\/wp-content\\\/uploads\\\/2017\\\/10\\\/Finalik-300x94.jpg\",\"datePublished\":\"2019-07-20T09:08:41+00:00\",\"dateModified\":\"2021-10-07T07:10:21+00:00\",\"inLanguage\":\"pl-PL\",\"potentialAction\":[{\"@type\":\"ReadAction\",\"target\":[\"http:\\\/\\\/wrh.edu.pl\\\/?page_id=1354\"]}]},{\"@type\":\"ImageObject\",\"inLanguage\":\"pl-PL\",\"@id\":\"http:\\\/\\\/wrh.edu.pl\\\/?page_id=1354#primaryimage\",\"url\":\"http:\\\/\\\/wrh.edu.pl\\\/wp-content\\\/uploads\\\/2017\\\/10\\\/Finalik.jpg\",\"contentUrl\":\"http:\\\/\\\/wrh.edu.pl\\\/wp-content\\\/uploads\\\/2017\\\/10\\\/Finalik.jpg\",\"width\":760,\"height\":239},{\"@type\":\"WebSite\",\"@id\":\"http:\\\/\\\/wrh.edu.pl\\\/#website\",\"url\":\"http:\\\/\\\/wrh.edu.pl\\\/\",\"name\":\"Wschodni Rocznik Humanistyczny\",\"description\":\"Czasopismo naukowe\",\"publisher\":{\"@id\":\"http:\\\/\\\/wrh.edu.pl\\\/#organization\"},\"potentialAction\":[{\"@type\":\"SearchAction\",\"target\":{\"@type\":\"EntryPoint\",\"urlTemplate\":\"http:\\\/\\\/wrh.edu.pl\\\/?s={search_term_string}\"},\"query-input\":{\"@type\":\"PropertyValueSpecification\",\"valueRequired\":true,\"valueName\":\"search_term_string\"}}],\"inLanguage\":\"pl-PL\"},{\"@type\":\"Organization\",\"@id\":\"http:\\\/\\\/wrh.edu.pl\\\/#organization\",\"name\":\"Wschodni Rocznik Humanistyczny\",\"url\":\"http:\\\/\\\/wrh.edu.pl\\\/\",\"logo\":{\"@type\":\"ImageObject\",\"inLanguage\":\"pl-PL\",\"@id\":\"http:\\\/\\\/wrh.edu.pl\\\/#\\\/schema\\\/logo\\\/image\\\/\",\"url\":\"http:\\\/\\\/wrh.edu.pl\\\/wp-content\\\/uploads\\\/2017\\\/07\\\/logo_01.jpg\",\"contentUrl\":\"http:\\\/\\\/wrh.edu.pl\\\/wp-content\\\/uploads\\\/2017\\\/07\\\/logo_01.jpg\",\"width\":154,\"height\":183,\"caption\":\"Wschodni Rocznik Humanistyczny\"},\"image\":{\"@id\":\"http:\\\/\\\/wrh.edu.pl\\\/#\\\/schema\\\/logo\\\/image\\\/\"}}]}<\/script>\n<!-- \/ Yoast SEO plugin. -->","yoast_head_json":{"title":"T. XVI (2019), \u2116 2 - Wschodni Rocznik Humanistyczny","robots":{"index":"index","follow":"follow","max-snippet":"max-snippet:-1","max-image-preview":"max-image-preview:large","max-video-preview":"max-video-preview:-1"},"canonical":"http:\/\/wrh.edu.pl\/?page_id=1354","og_locale":"pl_PL","og_type":"article","og_title":"T. XVI (2019), \u2116 2 - Wschodni Rocznik Humanistyczny","og_description":"Wschodni Rocznik Humanistyczny, tom XVI (2019), \u2116 2: &#8222;Jedno nierozdzielne i nier\u00f3\u017cne cia\u0142o&#8221;. Studia z dziej\u00f3w polsko-litewskiej Rzeczypospolitej, pod red. Artura Goszczy\u0144skiego Strona tytu\u0142owa, spis tre\u015bci Strona redakcji:&nbsp;http:\/\/wrh.edu.pl RADA NAUKOWAprof. dr hab. Rolf Fieguth, Uniwersytet we Fryburgu, Szwajcariaprof. dr Oleg Witaljewicz Gorbaczow, Uralski Federalny Uniwersytet, Jekaterynburg, Rosjadr Gediminas Kaz\u0117nas, Mykolas Romeris University, Wilno, Litwadr Jussi [&hellip;]","og_url":"http:\/\/wrh.edu.pl\/?page_id=1354","og_site_name":"Wschodni Rocznik Humanistyczny","article_modified_time":"2021-10-07T07:10:21+00:00","og_image":[{"url":"http:\/\/wrh.edu.pl\/wp-content\/uploads\/2017\/10\/Finalik-300x94.jpg","type":"","width":"","height":""}],"twitter_card":"summary_large_image","twitter_misc":{"Szacowany czas czytania":"6 minut"},"schema":{"@context":"https:\/\/schema.org","@graph":[{"@type":"WebPage","@id":"http:\/\/wrh.edu.pl\/?page_id=1354","url":"http:\/\/wrh.edu.pl\/?page_id=1354","name":"T. XVI (2019), \u2116 2 - Wschodni Rocznik Humanistyczny","isPartOf":{"@id":"http:\/\/wrh.edu.pl\/#website"},"primaryImageOfPage":{"@id":"http:\/\/wrh.edu.pl\/?page_id=1354#primaryimage"},"image":{"@id":"http:\/\/wrh.edu.pl\/?page_id=1354#primaryimage"},"thumbnailUrl":"http:\/\/wrh.edu.pl\/wp-content\/uploads\/2017\/10\/Finalik-300x94.jpg","datePublished":"2019-07-20T09:08:41+00:00","dateModified":"2021-10-07T07:10:21+00:00","inLanguage":"pl-PL","potentialAction":[{"@type":"ReadAction","target":["http:\/\/wrh.edu.pl\/?page_id=1354"]}]},{"@type":"ImageObject","inLanguage":"pl-PL","@id":"http:\/\/wrh.edu.pl\/?page_id=1354#primaryimage","url":"http:\/\/wrh.edu.pl\/wp-content\/uploads\/2017\/10\/Finalik.jpg","contentUrl":"http:\/\/wrh.edu.pl\/wp-content\/uploads\/2017\/10\/Finalik.jpg","width":760,"height":239},{"@type":"WebSite","@id":"http:\/\/wrh.edu.pl\/#website","url":"http:\/\/wrh.edu.pl\/","name":"Wschodni Rocznik Humanistyczny","description":"Czasopismo naukowe","publisher":{"@id":"http:\/\/wrh.edu.pl\/#organization"},"potentialAction":[{"@type":"SearchAction","target":{"@type":"EntryPoint","urlTemplate":"http:\/\/wrh.edu.pl\/?s={search_term_string}"},"query-input":{"@type":"PropertyValueSpecification","valueRequired":true,"valueName":"search_term_string"}}],"inLanguage":"pl-PL"},{"@type":"Organization","@id":"http:\/\/wrh.edu.pl\/#organization","name":"Wschodni Rocznik Humanistyczny","url":"http:\/\/wrh.edu.pl\/","logo":{"@type":"ImageObject","inLanguage":"pl-PL","@id":"http:\/\/wrh.edu.pl\/#\/schema\/logo\/image\/","url":"http:\/\/wrh.edu.pl\/wp-content\/uploads\/2017\/07\/logo_01.jpg","contentUrl":"http:\/\/wrh.edu.pl\/wp-content\/uploads\/2017\/07\/logo_01.jpg","width":154,"height":183,"caption":"Wschodni Rocznik Humanistyczny"},"image":{"@id":"http:\/\/wrh.edu.pl\/#\/schema\/logo\/image\/"}}]}},"_links":{"self":[{"href":"http:\/\/wrh.edu.pl\/index.php?rest_route=\/wp\/v2\/pages\/1354","targetHints":{"allow":["GET"]}}],"collection":[{"href":"http:\/\/wrh.edu.pl\/index.php?rest_route=\/wp\/v2\/pages"}],"about":[{"href":"http:\/\/wrh.edu.pl\/index.php?rest_route=\/wp\/v2\/types\/page"}],"author":[{"embeddable":true,"href":"http:\/\/wrh.edu.pl\/index.php?rest_route=\/wp\/v2\/users\/2"}],"replies":[{"embeddable":true,"href":"http:\/\/wrh.edu.pl\/index.php?rest_route=%2Fwp%2Fv2%2Fcomments&post=1354"}],"version-history":[{"count":45,"href":"http:\/\/wrh.edu.pl\/index.php?rest_route=\/wp\/v2\/pages\/1354\/revisions"}],"predecessor-version":[{"id":2500,"href":"http:\/\/wrh.edu.pl\/index.php?rest_route=\/wp\/v2\/pages\/1354\/revisions\/2500"}],"wp:attachment":[{"href":"http:\/\/wrh.edu.pl\/index.php?rest_route=%2Fwp%2Fv2%2Fmedia&parent=1354"}],"curies":[{"name":"wp","href":"https:\/\/api.w.org\/{rel}","templated":true}]}}