{"id":1732,"date":"2020-01-29T09:49:11","date_gmt":"2020-01-29T08:49:11","guid":{"rendered":"http:\/\/wrh.edu.pl\/?page_id=1732"},"modified":"2021-03-17T16:25:39","modified_gmt":"2021-03-17T15:25:39","slug":"tom-xv-2018-%e2%84%96-4","status":"publish","type":"page","link":"http:\/\/wrh.edu.pl\/?page_id=1732&lang=en","title":{"rendered":"Volume XV (2018) \u2116 4"},"content":{"rendered":"\n<div class=\"art-postheadericons art-metadata-icons\"><span class=\"art-postediticon\"><a class=\"post-edit-link\" href=\"http:\/\/wrh.edu.pl\/wp-admin\/post.php?post=1176&amp;action=edit\">Edit<\/a><\/span><\/div>\n<div class=\"art-postcontent clearfix\">\n<h1>Wschodni Rocznik Humanistyczny, vol. XV (2018), No 4<\/h1>\n<\/div>\n\n\n\n<p>PAGE:&nbsp;<a href=\"http:\/\/wrh.edu.pl\/\">http:\/\/wrh.edu.pl<\/a><\/p>\n\n\n\n<p>SCIENTIFIC COUNCIL:<br>prof. dr hab.&nbsp;<strong>Rolf Fieguth<\/strong>, Uniwersytet we Fryburgu, Szwajcaria<br>prof. dr&nbsp;<strong>Oleg Witaljewicz Gorbaczow<\/strong>, Uralski Federalny Uniwersytet, Jekaterynburg, Rosja<br>dr&nbsp;<strong>Gediminas Kaz\u0117nas<\/strong>, Mykolas Romeris University, Wilno, Litwa<br>dr&nbsp;<strong>Jussi Laine<\/strong>, University of Eastern Finland, Finlandia<br>prof. dr&nbsp;<strong>Siergiej Walentinowicz Lubiczankowskij<\/strong>, Orenburski Uniwersytet Pa\u0144stwowy, Rosja<br>prof. dr hab.&nbsp;<strong>Sigistas Narbutas<\/strong>, Biblioteka Naukowa im. Wr\u00f3blewskich w Wilnie, Litwa<br>dr&nbsp;<strong>Janusz Nowak<\/strong>, kierownik Archiwum i Zbioru R\u0119kopis\u00f3w Biblioteki xx Czartoryskich w Krakowie<br>dr&nbsp;<strong>Pierre-Etienne Penot<\/strong>, The Catholic University of the Vand\u00e9e, La Roche-sur-Yon, Francja<br>prof. dr hab.&nbsp;<strong>Miros\u0142aw Piotrowski<\/strong>, Katolicki Uniwersytet Lubelski<br>prof. dr hab.&nbsp;<strong>Marek Plewczy\u0144ski<\/strong>, Uniwersytet Przyrodniczo-Humanistyczny w Siedlcach<br>prof. dr&nbsp;<strong>Ludmi\u0142a Posochowa<\/strong>, Charkowski Uniwersytet Narodowy im. W.N. Karazina, Ukraina<br>prof. dr hab.&nbsp;<strong>Krzysztof Skupie\u0144ski<\/strong>, Uniwersytet Marii Curie-Sk\u0142odowskiej w Lublinie<br>dr&nbsp;<strong>George Soroka<\/strong>, Harvard University, USA<br>dr hab.&nbsp;<strong>Maria Starnawska<\/strong>, Uniwersytet Przyrodniczo-Humanistyczny w Siedlcach<br>prof. dr&nbsp;<strong>Walerij Leonidowicz Stiepanow<\/strong>, Instytut Ekonomiki Rosyjskiej Akademii Nauk, Moskwa, Rosja<br>prof. dr hab.&nbsp;<strong>Tadeusz M. Trajdos<\/strong>, Instytut Historii Polskiej Akademii Nauk<br>dr hab.&nbsp;<strong>Marek Wagner<\/strong>, prof. Uniwersytetu Przyrodniczo-Humanistycznego w Siedlcach<\/p>\n\n\n\n<p>EDITORIAL BOARD:<br><strong>Editor in Chief:&nbsp;<\/strong>Artur G\u00f3rak.<br><strong>Deputy editor-in-chief:&nbsp;<\/strong>Dariusz Magier.<br><strong>Secretary:<\/strong>&nbsp;Artur Goszczy\u0144ski.<br>Editor of the &#8222;philosophy&#8221; section:&nbsp;<strong>Leszek Gawor.<br><\/strong>Editor of the &#8222;history&#8221; section:<strong>&nbsp;Krzysztof Latawiec.<br><\/strong>Editor of the &#8222;international relations&#8221; section:<strong>&nbsp;Tomasz St\u0119pniewski.<br><\/strong>Editor of the &#8222;political science&#8221; section:<strong>&nbsp;Andrzej Szabaciuk.<\/strong><\/p>\n\n\n\n<p>JOURNAL REVIEWED<\/p>\n\n\n\n<p>Graphic design, typesetting:&nbsp;<strong>Przemys\u0142aw Tytus Krupski<\/strong>.<br>Korekta:&nbsp;<strong>Patrycja Kanak<\/strong>&nbsp;(ang.),&nbsp;<strong>Jakub Hapka&nbsp;<\/strong>(pol.),&nbsp;<strong>Artur G\u00f3rak<\/strong>&nbsp;(ros.) .<br>Translation: English \u2013&nbsp;<strong>Robert St\u0119pie\u0144<\/strong>, Russian \u2013&nbsp;<strong>Artur G\u00f3rak<\/strong>.<\/p>\n\n\n\n<p>EDITOR<strong>: Towarzystwo Nauki i Kultury \u201eLibra\u201d<\/strong>, ul. Szeligowskiego 8\/97, 20-883 Lublin<br>\u00a9 ToNiK \u201eLibra\u201d<br>ISSN 1731-982X<\/p>\n\n\n\n<h2 class=\"has-text-align-center wp-block-heading\"><strong>STUDIES<\/strong><\/h2>\n\n\n\n<div class=\"wp-block-image\"><figure class=\"aligncenter\"><img loading=\"lazy\" decoding=\"async\" width=\"300\" height=\"94\" src=\"http:\/\/wrh.edu.pl\/wp-content\/uploads\/2017\/10\/Finalik-300x94.jpg\" alt=\"\" class=\"wp-image-740\" srcset=\"http:\/\/wrh.edu.pl\/wp-content\/uploads\/2017\/10\/Finalik-300x94.jpg 300w, http:\/\/wrh.edu.pl\/wp-content\/uploads\/2017\/10\/Finalik.jpg 760w\" sizes=\"auto, (max-width: 300px) 100vw, 300px\" \/><\/figure><\/div>\n\n\n\n<p><strong>Andrzej Szabaciuk<\/strong>, (Katolicki Uniwersytet Lubelski),&nbsp;<br><strong>Kryzys migracyjny w Unii Europejskiej z perspektywy pa\u0144stw Europy Wschodniej,&nbsp;<\/strong><br>(The Russian Federation towards the European \u201cMigration Crisis\u201d)<br> \u201eWschodni Rocznik Humanistyczny\u201d, tom XV, nr 4, s. 9-24.&nbsp;<a href=\"http:\/\/wrh.edu.pl\/wp-content\/uploads\/2019\/07\/Szabaciuk_WRH-2018-nr-4-2018-s.-9-24.pdf\">PDF<\/a><\/p>\n\n\n\n<div class=\"wp-block-image\"><figure class=\"aligncenter is-resized\"><img loading=\"lazy\" decoding=\"async\" src=\"http:\/\/wrh.edu.pl\/wp-content\/uploads\/2017\/10\/Finalik.jpg\" alt=\"\" class=\"wp-image-740\" width=\"287\" height=\"90\" srcset=\"http:\/\/wrh.edu.pl\/wp-content\/uploads\/2017\/10\/Finalik.jpg 760w, http:\/\/wrh.edu.pl\/wp-content\/uploads\/2017\/10\/Finalik-300x94.jpg 300w\" sizes=\"auto, (max-width: 287px) 100vw, 287px\" \/><\/figure><\/div>\n\n\n\n<p><strong>Tomasz Lachowski,<\/strong>&nbsp;(Uniwersytet \u0141\u00f3dzki),&nbsp;<br><strong>Prawo mi\u0119dzynarodowe praw cz\u0142owieka jako instrument przeciwdzia\u0142ania skutkom powa\u017cnego naruszenia prawa mi\u0119dzynarodowego publicznego \u2013 analiza wybranych aspekt\u00f3w przypadku agresji Federacji Rosyjskiej wobec Ukrainy (w latach 2014-2018),<\/strong><br>(International Human Rights Law as an Instrument to Counteract the Consequences of Serious Violations of International Public Law \u2013 Analysis of the Selected Aspects of the Case of Aggression of the Russian Federation against Ukraine (2014-2018))<br><strong>&nbsp;<\/strong>\u201eWschodni Rocznik Humanistyczny\u201d, tom XV, nr 4, s. 25-58<strong>.&nbsp;<\/strong><a href=\"http:\/\/wrh.edu.pl\/wp-content\/uploads\/2019\/07\/Lachowski_WRH-2018-nr-4-2018-s.-25-58.pdf\">PDF<\/a><\/p>\n\n\n\n<div class=\"wp-block-image\"><figure class=\"aligncenter\"><img decoding=\"async\" src=\"http:\/\/wrh.edu.pl\/wp-content\/uploads\/2017\/10\/Finalik-300x94.jpg\" alt=\"\"\/><\/figure><\/div>\n\n\n\n<p><strong>Janusz Jarty\u015b, Marcin Orzechowski<\/strong>&nbsp;(Uniwersytet Szczeci\u0144ski),&nbsp;<br><strong>Konflikt rosyjsko-gruzi\u0144ski z 2008 roku i jego implikacje dla reintegracyjnej strategii Federacji Rosyjskiej na obszarze poradzieckim,<\/strong><br>(The Russian-Georgian Conflict of 2008 and Its Implications for the Reintegration Strategy of the Russian Federation in the Post-Soviet Area)<br><strong>&nbsp;<\/strong>\u201eWschodni Rocznik Humanistyczny\u201d, tom XV, nr 4, s. 59-80<strong>.<\/strong>&nbsp;<a href=\"http:\/\/wrh.edu.pl\/wp-content\/uploads\/2019\/07\/59_Jarty%C5%9B-Orzechowski_WRH-2018-nr-4-2018.pdf\">PDF<\/a><\/p>\n\n\n\n<div class=\"wp-block-image\"><figure class=\"aligncenter is-resized\"><img loading=\"lazy\" decoding=\"async\" src=\"http:\/\/wrh.edu.pl\/wp-content\/uploads\/2017\/10\/Finalik.jpg\" alt=\"\" class=\"wp-image-740\" width=\"289\" height=\"91\" srcset=\"http:\/\/wrh.edu.pl\/wp-content\/uploads\/2017\/10\/Finalik.jpg 760w, http:\/\/wrh.edu.pl\/wp-content\/uploads\/2017\/10\/Finalik-300x94.jpg 300w\" sizes=\"auto, (max-width: 289px) 100vw, 289px\" \/><\/figure><\/div>\n\n\n\n<p><strong>Krzysztof Garczewski<\/strong>&nbsp;(Uniwersytet Kazimierza Wielkiego),&nbsp;<br><strong>\u0179r\u00f3d\u0142a kryzysu Socjaldemokratycznej Partii Niemiec,<\/strong><br>(Sources of the Crisis of the Social Democratic Party of Germany)<br><strong>&nbsp;<\/strong>\u201eWschodni Rocznik Humanistyczny\u201d, tom XV, nr 4, s. 81-94<strong>.&nbsp;<\/strong><a href=\"http:\/\/wrh.edu.pl\/wp-content\/uploads\/2019\/07\/81_Garczewski_WRH-2018-nr-4-2018.pdf\">PDF<\/a><\/p>\n\n\n\n<div class=\"wp-block-image\"><figure class=\"aligncenter is-resized\"><img loading=\"lazy\" decoding=\"async\" src=\"http:\/\/wrh.edu.pl\/wp-content\/uploads\/2017\/10\/Finalik.jpg\" alt=\"\" class=\"wp-image-740\" width=\"284\" height=\"89\" srcset=\"http:\/\/wrh.edu.pl\/wp-content\/uploads\/2017\/10\/Finalik.jpg 760w, http:\/\/wrh.edu.pl\/wp-content\/uploads\/2017\/10\/Finalik-300x94.jpg 300w\" sizes=\"auto, (max-width: 284px) 100vw, 284px\" \/><\/figure><\/div>\n\n\n\n<p><strong>Tomasz St\u0119pniewski<\/strong>, (Katolicki Uniwersytet Lubelski),&nbsp;<br><strong>Potencja\u0142 rozwoju transportu intermodalnego pa\u0144stw Europy \u015arodkowo-Wschodniej wobec inicjatywy Jedwabnego Szlaku,<\/strong><br>(Intermodal Freight Transport of East-Central European Countries and Its Potential for Development in Light of the Belt and Road Initiative)<br>\u201eWschodni Rocznik Humanistyczny\u201d, tom XV, nr 4, s. 95-108<strong>.&nbsp;<\/strong><a href=\"http:\/\/wrh.edu.pl\/wp-content\/uploads\/2019\/07\/95_St%C4%99pniewski_WRH-2018-nr-4-2018.pdf\">PDF<\/a><\/p>\n\n\n\n<h2 class=\"has-text-align-center wp-block-heading\">Varia<\/h2>\n\n\n\n<div class=\"wp-block-image\"><figure class=\"aligncenter is-resized\"><img loading=\"lazy\" decoding=\"async\" src=\"http:\/\/wrh.edu.pl\/wp-content\/uploads\/2017\/10\/Finalik.jpg\" alt=\"\" class=\"wp-image-740\" width=\"289\" height=\"91\" srcset=\"http:\/\/wrh.edu.pl\/wp-content\/uploads\/2017\/10\/Finalik.jpg 760w, http:\/\/wrh.edu.pl\/wp-content\/uploads\/2017\/10\/Finalik-300x94.jpg 300w\" sizes=\"auto, (max-width: 289px) 100vw, 289px\" \/><\/figure><\/div>\n\n\n\n<p><strong>\u041b\u044e\u0434\u043c\u0438\u043b\u0430 \u041d\u0438\u043a\u043e\u043b\u0430\u0435\u0432\u043d\u0430<\/strong>&nbsp;<strong>\u041c\u0430\u0437\u0443\u0440&nbsp;<\/strong>(\u0423\u0440\u0430\u043b\u044c\u0441\u043a\u0438\u0439 \u0444\u0435\u0434\u0435\u0440\u0430\u043b\u044c\u043d\u044b\u0439 \u0443\u043d\u0438\u0432\u0435\u0440\u0441\u0438\u0442\u0435\u0442),<br><strong>\u0421\u0442\u0430\u043d\u043e\u0432\u043b\u0435\u043d\u0438\u0435 \u0441\u0438\u0441\u0442\u0435\u043c\u044b \u0434\u0435\u043b\u043e\u043f\u0440\u043e\u0438\u0437\u0432\u043e\u0434\u0441\u0442\u0432\u0430 \u0432 \u0421\u043e\u0432\u0435\u0442\u0441\u043a\u043e\u0439 \u0420\u043e\u0441\u0441\u0438\u0438. 1917\u20131950-\u0435 \u0433\u0433.),<\/strong><br>(Formation of the System of Office Work in Soviet Russia. 1917-1950s)<br>\u201eWschodni Rocznik Humanistyczny\u201d, tom XV, nr 4, s. 111-126.&nbsp;<a href=\"http:\/\/wrh.edu.pl\/wp-content\/uploads\/2019\/07\/111_Mazur_Wschodni-Rocznik-2018-nr-4-2018_split_13.pdf\">PDF<\/a><\/p>\n\n\n\n<div class=\"wp-block-image\"><figure class=\"aligncenter is-resized\"><img loading=\"lazy\" decoding=\"async\" src=\"http:\/\/wrh.edu.pl\/wp-content\/uploads\/2017\/10\/Finalik.jpg\" alt=\"\" class=\"wp-image-740\" width=\"286\" height=\"90\" srcset=\"http:\/\/wrh.edu.pl\/wp-content\/uploads\/2017\/10\/Finalik.jpg 760w, http:\/\/wrh.edu.pl\/wp-content\/uploads\/2017\/10\/Finalik-300x94.jpg 300w\" sizes=\"auto, (max-width: 286px) 100vw, 286px\" \/><\/figure><\/div>\n\n\n\n<p><br><br><strong>\u0413\u0430\u043b\u0438\u043d\u0430 \u0412\u0438\u043a\u0442\u043e\u0440\u043e\u0432\u043d\u0430 \u0428\u0435\u0448\u0443\u043a\u043e\u0432\u0430, \u0421\u0432\u0435\u0442\u043b\u0430\u043d\u0430 \u0421\u0435\u0440\u0433\u0435\u0435\u0432\u043d\u0430 \u0428\u0438\u043d\u043a\u043e\u0432\u0430<\/strong>&nbsp;(\u041e\u0440\u0435\u043d\u0431\u0443\u0440\u0433\u0441\u043a\u0438\u0439 \u0438\u043d\u0441\u0442\u0438\u0442\u0443\u0442 \u041c\u043e\u0441\u043a\u043e\u0432\u0441\u043a\u043e\u0433\u043e \u0413\u043e\u0441\u0443\u0434\u0430\u0440\u0441\u0442\u0432\u0435\u043d\u043d\u043e\u0433\u043e \u042e\u0440\u0438\u0434\u0438\u0447\u0435\u0441\u043a\u043e\u0433\u043e \u0423\u043d\u0438\u0432\u0435\u0440\u0441\u0438\u0442\u0435\u0442\u0430),&nbsp;<br><strong>\u041f\u0435\u043d\u0441\u0438\u043e\u043d\u043d\u0430\u044f \u0440\u0435\u0444\u043e\u0440\u043c\u0430 \u0432 \u0420\u043e\u0441\u0441\u0438\u0439\u0441\u043a\u043e\u0439 \u0424\u0435\u0434\u0435\u0440\u0430\u0446\u0438\u0438: \u043f\u0440\u043e\u0431\u043b\u0435\u043c\u044b \u0438 \u043f\u0435\u0440\u0441\u043f\u0435\u043a\u0442\u0438\u0432\u044b,<\/strong>&nbsp;<br><strong>(Pension Reform in Russian Federation: Problems and Prospects)<\/strong><br>\u201eWschodni Rocznik Humanistyczny\u201d, tom XV, nr 4, s. 127-152.&nbsp;<a href=\"http:\/\/wrh.edu.pl\/wp-content\/uploads\/2019\/07\/127_Szeszukowa-Szynkowa_Wschodni-Rocznik-2018-nr-4-2018_split_13.pdf\">PDF&nbsp;<\/a><strong>.<\/strong><\/p>\n\n\n\n<div class=\"wp-block-image\"><figure class=\"aligncenter\"><img loading=\"lazy\" decoding=\"async\" width=\"300\" height=\"94\" src=\"http:\/\/wrh.edu.pl\/wp-content\/uploads\/2017\/10\/Finalik-300x94.jpg\" alt=\"\" class=\"wp-image-740\" srcset=\"http:\/\/wrh.edu.pl\/wp-content\/uploads\/2017\/10\/Finalik-300x94.jpg 300w, http:\/\/wrh.edu.pl\/wp-content\/uploads\/2017\/10\/Finalik.jpg 760w\" sizes=\"auto, (max-width: 300px) 100vw, 300px\" \/><\/figure><\/div>\n\n\n\n<p><strong>Olga T. Buczek<\/strong>&nbsp;(Uniwersytet Marii Curie-Sk\u0142odowskiej),&nbsp;<br><strong>El trauma psicol\u00f3gico y su reflejo en los relatos sobre actos de violencia: el caso de las obras de Rodolfo Santana,&nbsp;<\/strong><br>(The Psychological Trauma and Its Reflection in the Reports of Violent Acts: The Case of Rodolfo Santana\u2019s Plays)<br>\u201eWschodni Rocznik Humanistyczny\u201d, tom XV, nr 4, s. 153-170.&nbsp;<a href=\"http:\/\/wrh.edu.pl\/wp-content\/uploads\/2019\/07\/153_Buczek_Wschodni-Rocznik-2018-nr-4-2018_split_13.pdf\">PDF<\/a><\/p>\n","protected":false},"excerpt":{"rendered":"<p>Edit Wschodni Rocznik Humanistyczny, vol. XV (2018), No 4 PAGE:&nbsp;http:\/\/wrh.edu.pl SCIENTIFIC COUNCIL:prof. dr hab.&nbsp;Rolf Fieguth, Uniwersytet we Fryburgu, Szwajcariaprof. dr&nbsp;Oleg Witaljewicz Gorbaczow, Uralski Federalny Uniwersytet, Jekaterynburg, Rosjadr&nbsp;Gediminas Kaz\u0117nas, Mykolas Romeris University, Wilno, Litwadr&nbsp;Jussi Laine, University of Eastern Finland, Finlandiaprof. dr&nbsp;Siergiej Walentinowicz Lubiczankowskij, Orenburski Uniwersytet Pa\u0144stwowy, Rosjaprof. dr hab.&nbsp;Sigistas Narbutas, Biblioteka Naukowa im. Wr\u00f3blewskich w Wilnie, [&hellip;]<\/p>\n","protected":false},"author":1,"featured_media":0,"parent":0,"menu_order":26,"comment_status":"closed","ping_status":"closed","template":"","meta":{"footnotes":""},"class_list":["post-1732","page","type-page","status-publish","hentry"],"yoast_head":"<!-- This site is optimized with the Yoast SEO plugin v27.4 - https:\/\/yoast.com\/product\/yoast-seo-wordpress\/ -->\n<title>Volume XV (2018) \u2116 4 - Wschodni Rocznik Humanistyczny<\/title>\n<meta name=\"robots\" content=\"index, follow, max-snippet:-1, max-image-preview:large, max-video-preview:-1\" \/>\n<link rel=\"canonical\" href=\"http:\/\/wrh.edu.pl\/?page_id=1732&lang=en\" \/>\n<meta property=\"og:locale\" content=\"pl_PL\" \/>\n<meta property=\"og:type\" content=\"article\" \/>\n<meta property=\"og:title\" content=\"Volume XV (2018) \u2116 4 - Wschodni Rocznik Humanistyczny\" \/>\n<meta property=\"og:description\" content=\"Edit Wschodni Rocznik Humanistyczny, vol. XV (2018), No 4 PAGE:&nbsp;http:\/\/wrh.edu.pl SCIENTIFIC COUNCIL:prof. dr hab.&nbsp;Rolf Fieguth, Uniwersytet we Fryburgu, Szwajcariaprof. dr&nbsp;Oleg Witaljewicz Gorbaczow, Uralski Federalny Uniwersytet, Jekaterynburg, Rosjadr&nbsp;Gediminas Kaz\u0117nas, Mykolas Romeris University, Wilno, Litwadr&nbsp;Jussi Laine, University of Eastern Finland, Finlandiaprof. dr&nbsp;Siergiej Walentinowicz Lubiczankowskij, Orenburski Uniwersytet Pa\u0144stwowy, Rosjaprof. dr hab.&nbsp;Sigistas Narbutas, Biblioteka Naukowa im. Wr\u00f3blewskich w Wilnie, [&hellip;]\" \/>\n<meta property=\"og:url\" content=\"http:\/\/wrh.edu.pl\/?page_id=1732&amp;lang=en\" \/>\n<meta property=\"og:site_name\" content=\"Wschodni Rocznik Humanistyczny\" \/>\n<meta property=\"article:modified_time\" content=\"2021-03-17T15:25:39+00:00\" \/>\n<meta property=\"og:image\" content=\"http:\/\/wrh.edu.pl\/wp-content\/uploads\/2017\/10\/Finalik-300x94.jpg\" \/>\n<meta name=\"twitter:card\" content=\"summary_large_image\" \/>\n<meta name=\"twitter:label1\" content=\"Szacowany czas czytania\" \/>\n\t<meta name=\"twitter:data1\" content=\"3 minuty\" \/>\n<script type=\"application\/ld+json\" class=\"yoast-schema-graph\">{\"@context\":\"https:\\\/\\\/schema.org\",\"@graph\":[{\"@type\":\"WebPage\",\"@id\":\"http:\\\/\\\/wrh.edu.pl\\\/?page_id=1732&lang=en\",\"url\":\"http:\\\/\\\/wrh.edu.pl\\\/?page_id=1732&lang=en\",\"name\":\"Volume XV (2018) \u2116 4 - Wschodni Rocznik Humanistyczny\",\"isPartOf\":{\"@id\":\"http:\\\/\\\/wrh.edu.pl\\\/#website\"},\"primaryImageOfPage\":{\"@id\":\"http:\\\/\\\/wrh.edu.pl\\\/?page_id=1732&lang=en#primaryimage\"},\"image\":{\"@id\":\"http:\\\/\\\/wrh.edu.pl\\\/?page_id=1732&lang=en#primaryimage\"},\"thumbnailUrl\":\"http:\\\/\\\/wrh.edu.pl\\\/wp-content\\\/uploads\\\/2017\\\/10\\\/Finalik-300x94.jpg\",\"datePublished\":\"2020-01-29T08:49:11+00:00\",\"dateModified\":\"2021-03-17T15:25:39+00:00\",\"inLanguage\":\"pl-PL\",\"potentialAction\":[{\"@type\":\"ReadAction\",\"target\":[\"http:\\\/\\\/wrh.edu.pl\\\/?page_id=1732&lang=en\"]}]},{\"@type\":\"ImageObject\",\"inLanguage\":\"pl-PL\",\"@id\":\"http:\\\/\\\/wrh.edu.pl\\\/?page_id=1732&lang=en#primaryimage\",\"url\":\"http:\\\/\\\/wrh.edu.pl\\\/wp-content\\\/uploads\\\/2017\\\/10\\\/Finalik.jpg\",\"contentUrl\":\"http:\\\/\\\/wrh.edu.pl\\\/wp-content\\\/uploads\\\/2017\\\/10\\\/Finalik.jpg\",\"width\":760,\"height\":239},{\"@type\":\"WebSite\",\"@id\":\"http:\\\/\\\/wrh.edu.pl\\\/#website\",\"url\":\"http:\\\/\\\/wrh.edu.pl\\\/\",\"name\":\"Wschodni Rocznik Humanistyczny\",\"description\":\"Czasopismo naukowe\",\"publisher\":{\"@id\":\"http:\\\/\\\/wrh.edu.pl\\\/#organization\"},\"potentialAction\":[{\"@type\":\"SearchAction\",\"target\":{\"@type\":\"EntryPoint\",\"urlTemplate\":\"http:\\\/\\\/wrh.edu.pl\\\/?s={search_term_string}\"},\"query-input\":{\"@type\":\"PropertyValueSpecification\",\"valueRequired\":true,\"valueName\":\"search_term_string\"}}],\"inLanguage\":\"pl-PL\"},{\"@type\":\"Organization\",\"@id\":\"http:\\\/\\\/wrh.edu.pl\\\/#organization\",\"name\":\"Wschodni Rocznik Humanistyczny\",\"url\":\"http:\\\/\\\/wrh.edu.pl\\\/\",\"logo\":{\"@type\":\"ImageObject\",\"inLanguage\":\"pl-PL\",\"@id\":\"http:\\\/\\\/wrh.edu.pl\\\/#\\\/schema\\\/logo\\\/image\\\/\",\"url\":\"http:\\\/\\\/wrh.edu.pl\\\/wp-content\\\/uploads\\\/2017\\\/07\\\/logo_01.jpg\",\"contentUrl\":\"http:\\\/\\\/wrh.edu.pl\\\/wp-content\\\/uploads\\\/2017\\\/07\\\/logo_01.jpg\",\"width\":154,\"height\":183,\"caption\":\"Wschodni Rocznik Humanistyczny\"},\"image\":{\"@id\":\"http:\\\/\\\/wrh.edu.pl\\\/#\\\/schema\\\/logo\\\/image\\\/\"}}]}<\/script>\n<!-- \/ Yoast SEO plugin. -->","yoast_head_json":{"title":"Volume XV (2018) \u2116 4 - Wschodni Rocznik Humanistyczny","robots":{"index":"index","follow":"follow","max-snippet":"max-snippet:-1","max-image-preview":"max-image-preview:large","max-video-preview":"max-video-preview:-1"},"canonical":"http:\/\/wrh.edu.pl\/?page_id=1732&lang=en","og_locale":"pl_PL","og_type":"article","og_title":"Volume XV (2018) \u2116 4 - Wschodni Rocznik Humanistyczny","og_description":"Edit Wschodni Rocznik Humanistyczny, vol. XV (2018), No 4 PAGE:&nbsp;http:\/\/wrh.edu.pl SCIENTIFIC COUNCIL:prof. dr hab.&nbsp;Rolf Fieguth, Uniwersytet we Fryburgu, Szwajcariaprof. dr&nbsp;Oleg Witaljewicz Gorbaczow, Uralski Federalny Uniwersytet, Jekaterynburg, Rosjadr&nbsp;Gediminas Kaz\u0117nas, Mykolas Romeris University, Wilno, Litwadr&nbsp;Jussi Laine, University of Eastern Finland, Finlandiaprof. dr&nbsp;Siergiej Walentinowicz Lubiczankowskij, Orenburski Uniwersytet Pa\u0144stwowy, Rosjaprof. dr hab.&nbsp;Sigistas Narbutas, Biblioteka Naukowa im. Wr\u00f3blewskich w Wilnie, [&hellip;]","og_url":"http:\/\/wrh.edu.pl\/?page_id=1732&lang=en","og_site_name":"Wschodni Rocznik Humanistyczny","article_modified_time":"2021-03-17T15:25:39+00:00","og_image":[{"url":"http:\/\/wrh.edu.pl\/wp-content\/uploads\/2017\/10\/Finalik-300x94.jpg","type":"","width":"","height":""}],"twitter_card":"summary_large_image","twitter_misc":{"Szacowany czas czytania":"3 minuty"},"schema":{"@context":"https:\/\/schema.org","@graph":[{"@type":"WebPage","@id":"http:\/\/wrh.edu.pl\/?page_id=1732&lang=en","url":"http:\/\/wrh.edu.pl\/?page_id=1732&lang=en","name":"Volume XV (2018) \u2116 4 - Wschodni Rocznik Humanistyczny","isPartOf":{"@id":"http:\/\/wrh.edu.pl\/#website"},"primaryImageOfPage":{"@id":"http:\/\/wrh.edu.pl\/?page_id=1732&lang=en#primaryimage"},"image":{"@id":"http:\/\/wrh.edu.pl\/?page_id=1732&lang=en#primaryimage"},"thumbnailUrl":"http:\/\/wrh.edu.pl\/wp-content\/uploads\/2017\/10\/Finalik-300x94.jpg","datePublished":"2020-01-29T08:49:11+00:00","dateModified":"2021-03-17T15:25:39+00:00","inLanguage":"pl-PL","potentialAction":[{"@type":"ReadAction","target":["http:\/\/wrh.edu.pl\/?page_id=1732&lang=en"]}]},{"@type":"ImageObject","inLanguage":"pl-PL","@id":"http:\/\/wrh.edu.pl\/?page_id=1732&lang=en#primaryimage","url":"http:\/\/wrh.edu.pl\/wp-content\/uploads\/2017\/10\/Finalik.jpg","contentUrl":"http:\/\/wrh.edu.pl\/wp-content\/uploads\/2017\/10\/Finalik.jpg","width":760,"height":239},{"@type":"WebSite","@id":"http:\/\/wrh.edu.pl\/#website","url":"http:\/\/wrh.edu.pl\/","name":"Wschodni Rocznik Humanistyczny","description":"Czasopismo naukowe","publisher":{"@id":"http:\/\/wrh.edu.pl\/#organization"},"potentialAction":[{"@type":"SearchAction","target":{"@type":"EntryPoint","urlTemplate":"http:\/\/wrh.edu.pl\/?s={search_term_string}"},"query-input":{"@type":"PropertyValueSpecification","valueRequired":true,"valueName":"search_term_string"}}],"inLanguage":"pl-PL"},{"@type":"Organization","@id":"http:\/\/wrh.edu.pl\/#organization","name":"Wschodni Rocznik Humanistyczny","url":"http:\/\/wrh.edu.pl\/","logo":{"@type":"ImageObject","inLanguage":"pl-PL","@id":"http:\/\/wrh.edu.pl\/#\/schema\/logo\/image\/","url":"http:\/\/wrh.edu.pl\/wp-content\/uploads\/2017\/07\/logo_01.jpg","contentUrl":"http:\/\/wrh.edu.pl\/wp-content\/uploads\/2017\/07\/logo_01.jpg","width":154,"height":183,"caption":"Wschodni Rocznik Humanistyczny"},"image":{"@id":"http:\/\/wrh.edu.pl\/#\/schema\/logo\/image\/"}}]}},"_links":{"self":[{"href":"http:\/\/wrh.edu.pl\/index.php?rest_route=\/wp\/v2\/pages\/1732","targetHints":{"allow":["GET"]}}],"collection":[{"href":"http:\/\/wrh.edu.pl\/index.php?rest_route=\/wp\/v2\/pages"}],"about":[{"href":"http:\/\/wrh.edu.pl\/index.php?rest_route=\/wp\/v2\/types\/page"}],"author":[{"embeddable":true,"href":"http:\/\/wrh.edu.pl\/index.php?rest_route=\/wp\/v2\/users\/1"}],"replies":[{"embeddable":true,"href":"http:\/\/wrh.edu.pl\/index.php?rest_route=%2Fwp%2Fv2%2Fcomments&post=1732"}],"version-history":[{"count":7,"href":"http:\/\/wrh.edu.pl\/index.php?rest_route=\/wp\/v2\/pages\/1732\/revisions"}],"predecessor-version":[{"id":2192,"href":"http:\/\/wrh.edu.pl\/index.php?rest_route=\/wp\/v2\/pages\/1732\/revisions\/2192"}],"wp:attachment":[{"href":"http:\/\/wrh.edu.pl\/index.php?rest_route=%2Fwp%2Fv2%2Fmedia&parent=1732"}],"curies":[{"name":"wp","href":"https:\/\/api.w.org\/{rel}","templated":true}]}}