{"id":2928,"date":"2023-02-14T09:40:01","date_gmt":"2023-02-14T08:40:01","guid":{"rendered":"http:\/\/wrh.edu.pl\/?page_id=2928"},"modified":"2023-12-28T16:42:53","modified_gmt":"2023-12-28T15:42:53","slug":"t-xx-2023-3","status":"publish","type":"page","link":"http:\/\/wrh.edu.pl\/?page_id=2928","title":{"rendered":"t. XX (2023), \u2116 3"},"content":{"rendered":"\n<h2><strong>Our long nineteenth century<\/strong><em><br \/><\/em>edited by Sierhiy Posokhov<\/h2>\n<p><img loading=\"lazy\" decoding=\"async\" class=\" wp-image-3042 aligncenter\" src=\"http:\/\/wrh.edu.pl\/wp-content\/uploads\/2023\/12\/386804437_227787230351827_6675418203181101900_n-1-680x1024.jpg\" alt=\"\" width=\"758\" height=\"1141\" srcset=\"http:\/\/wrh.edu.pl\/wp-content\/uploads\/2023\/12\/386804437_227787230351827_6675418203181101900_n-1-680x1024.jpg 680w, http:\/\/wrh.edu.pl\/wp-content\/uploads\/2023\/12\/386804437_227787230351827_6675418203181101900_n-1-199x300.jpg 199w, http:\/\/wrh.edu.pl\/wp-content\/uploads\/2023\/12\/386804437_227787230351827_6675418203181101900_n-1-768x1157.jpg 768w, http:\/\/wrh.edu.pl\/wp-content\/uploads\/2023\/12\/386804437_227787230351827_6675418203181101900_n-1.jpg 1257w\" sizes=\"auto, (max-width: 758px) 100vw, 758px\" \/><\/p>\n<p>\u00a0<\/p>\n<p>RADA NAUKOWA<br \/>prof. dr hab.\u00a0<strong>Rolf Fieguth<\/strong>, Uniwersytet we Fryburgu, Szwajcaria<br \/>prof. dr\u00a0<strong>Oleg Witaljewicz Gorbaczow<\/strong>, Uralski Federalny Uniwersytet, Jekaterynburg, Rosja<br \/>dr\u00a0<strong>Gediminas Kaz\u0117nas<\/strong>, Mykolas Romeris University, Wilno, Litwa<br \/>dr\u00a0<strong>Jussi Laine<\/strong>, University of Eastern Finland, Finlandia<br \/>prof. dr\u00a0<strong>Siergiej Walentinowicz Lubiczankowskij<\/strong>, Orenburski Uniwersytet Pa\u0144stwowy, Rosja<br \/>prof. dr hab.\u00a0<strong>Sigistas Narbutas<\/strong>, Biblioteka Naukowa im. Wr\u00f3blewskich w Wilnie, Litwa<br \/>dr\u00a0<strong>Janusz Nowak<\/strong>, kierownik Archiwum i Zbioru R\u0119kopis\u00f3w Biblioteki xx Czartoryskich w Krakowie<br \/>dr\u00a0<strong>Pierre-Etienne Penot<\/strong>, The Catholic University of the Vand\u00e9e, La Roche-sur-Yon, Francja<br \/>prof. dr hab.\u00a0<strong>Miros\u0142aw Piotrowski<\/strong>, Katolicki Uniwersytet Lubelski<br \/>prof. dr hab.\u00a0<strong>Marek Plewczy\u0144ski<\/strong>, Uniwersytet Przyrodniczo-Humanistyczny w Siedlcach<br \/>prof. dr hab.\u00a0<strong>Krzysztof Skupie\u0144ski<\/strong>, Uniwersytet Marii Curie-Sk\u0142odowskiej w Lublinie<br \/>dr\u00a0<strong>George Soroka<\/strong>, Harvard University, USA<br \/>dr hab.\u00a0<strong>Maria Starnawska<\/strong>, Uniwersytet Przyrodniczo-Humanistyczny z Siedlcach<br \/>prof. dr\u00a0<strong>Walerij Leonidowicz Stiepanow<\/strong>, Instytut Ekonomiki Rosyjskiej Akademii Nauk, Moskwa, Rosja<br \/>prof. dr hab.\u00a0<strong>Tadeusz M. Trajdos<\/strong>, Instytut Historii Polskiej Akademii Nauk<br \/>dr hab.\u00a0<strong>Marek Wagner<\/strong>, prof. Uniwersytetu Przyrodniczo-Humanistycznego w Siedlcach<\/p>\n<p>REDAKCJA i KOLEGIUM REDAKCYJNE<br \/><strong>prof. dr hab. Leszek Gawor<\/strong>, Uniwersytet Rzeszowski, (dzia\u0142:\u00a0<strong>filozofia<\/strong>),<br \/><strong>dr Artur Goszczy\u0144ski<\/strong>\u00a0(sekretarz),<br \/><strong>dr hab.\u00a0Artur G\u00f3rak<\/strong>\u00a0(redaktor naczelny),<br \/><strong>prof. u. dr hab<\/strong>\u00a0<strong>Krzysztof Latawiec<\/strong>, Uniwersytet Marii Curie-Sk\u0142odowskiej, Lublin, (dzia\u0142:\u00a0<strong>historia<\/strong>),<br \/><strong>prof. u. dr hab. Dariusz Magier<\/strong>, Uniwersytet Przyrodniczo-Humanistyczny, Siedlce, (z-ca redaktora naczelnego),<br \/><strong>prof. dr Ludmi\u0142a Mazur<\/strong>, Uralski Uniwersytet Federalny im. pierwszego prezydenta Rosji B. N. Jelcyna, Jekaterynburg. Federacja Rosyjska, (dzia\u0142:\u00a0<strong>nauki o dokumencie i archiwach<\/strong>),<br \/><strong>prof. dr Ludmi\u0142a Posochowa<\/strong>, Charkowski Uniwersytet Narodowy im. W.N. Karazina, Ukraina, (dzia\u0142:\u00a0<strong>historia<\/strong>),<br \/><strong>prof. dr Adrian Selin<\/strong>, Uniwersytet Naukowo-Badawczy \u201eWy\u017csza Szko\u0142a Ekonomii w Sankt-Petersburgu, Federacja Rosyjska, (dzia\u0142:\u00a0<strong>historia<\/strong>)<br \/><strong>prof. u. dr hab.<\/strong>\u00a0<strong>Tomasz St\u0119pniewski<\/strong>, Katolicki Uniwersytet Lubelski, (dzia\u0142:\u00a0<strong>stosunki mi\u0119dzynarodowe<\/strong>),<br \/><strong>dr<\/strong>\u00a0<strong>Andrzej Szabaciuk<\/strong>, Katolicki Uniwersytet Lubelski,\u00a0(dzia\u0142:\u00a0<strong>politologia<\/strong>)<\/p>\n<p>CZASOPISMO RECENZOWANE: kolegium recenzent\u00f3w http:\/\/wrh.edu.pl\/kolegium-recenzentow\/<\/p>\n<p>Opracowanie graficzne, sk\u0142ad i \u0142amanie:\u00a0<strong>Tytus Przemys\u0142aw Krupski<\/strong><br \/>Korekta:\u00a0<strong>Robert St\u0119pie\u0144<\/strong>\u00a0(ang.),\u00a0<strong>Przemys\u0142aw Tytus Krupski\u00a0<\/strong>(pol.),\u00a0<strong>Artur G\u00f3rak<\/strong>\u00a0(ros.)<br \/>T\u0142umaczenia angielskie:\u00a0<strong>Robert St\u0119pie\u0144<\/strong>, rosyjskie:\u00a0<strong>Artur G\u00f3rak<\/strong><\/p>\n<p>Wydawca<strong>:\u00a0Towarzystwo Nauki i Kultury \u201eLibra\u201d<\/strong>, ul. Szeligowskiego 8\/97, 20-883 Lublin<br \/>\u00a9 ToNiK \u201eLibra\u201d<br \/>ISSN 1731-982X<\/p>\n<p>Pierwsze<\/p>\n<p><a href=\"http:\/\/wrh.edu.pl\/wp-content\/uploads\/2023\/12\/wrh_2023_no3_00spis-1.pdf\">spis tre\u015bci<\/a><\/p>\n<p><img loading=\"lazy\" decoding=\"async\" class=\"alignnone size-full wp-image-1798\" src=\"http:\/\/wrh.edu.pl\/wp-content\/uploads\/2020\/03\/0007-1-300x133-1.jpg\" alt=\"\" width=\"300\" height=\"133\" \/><\/p>\n<h3><strong><em>Our long nineteenth century, <\/em><\/strong><strong>edited by Sergey Posokhov<\/strong><\/h3>\n<p><strong>\u00a0<\/strong><\/p>\n<p><strong>Sergiy Posokhov<\/strong> (V. N. Karazin Kharkiv National University)<br \/><a href=\"http:\/\/wrh.edu.pl\/wp-content\/uploads\/2023\/12\/wrh_2023_no3_01-2.pdf\"><strong>In search of \u201cour\u201d nineteenth century<\/strong><\/a><br \/><em>W poszukiwaniu \u201cnaszego\u201d dziewi\u0119tnastego wieku<\/em><\/p>\n<p>\u00a0<\/p>\n<p style=\"text-align: center;\"><em>\u00a0<\/em><strong>Economic and social transformations<\/strong><\/p>\n<p><strong>Volodymyr Kulikov<\/strong> (University of Texas at Austin, Ukrainian Catholic University, Lviv)<br \/><strong><a href=\"http:\/\/wrh.edu.pl\/wp-content\/uploads\/2023\/12\/wrh_2023_no3_02-1.pdf\">Ukraine\u2019s Agricultural and Industrial Production in the Late 19th and Early 20th Century<\/a>: Imperial and Global Context<\/strong><br \/><em>Produkcja rolna i przemys\u0142owa Ukrainy na prze\u0142omie XIX i XX wieku: kontekst imperialny i globalny<\/em><\/p>\n<p><strong>Anastasiia Khovtura<\/strong> (V. N. Karazin Kharkiv National University)<br \/><strong><a href=\"http:\/\/wrh.edu.pl\/wp-content\/uploads\/2023\/12\/wrh_2023_no3_03-1.pdf\">Modernization of Infrastructure and Social Space in Kharkiv<\/a>, Second Half of the 19th to Early 20th Centuries<\/strong><br \/><em>Modernizacja infrastruktury i przestrzeni spo\u0142ecznej Charkowa od drugiej po\u0142owy XIX do pocz\u0105tk\u00f3w XX wieku<\/em><\/p>\n<p><strong>Sviltlana Nizhnikova<\/strong> (V. N. Karazin Kharkiv National University)<br \/><strong><a href=\"http:\/\/wrh.edu.pl\/wp-content\/uploads\/2023\/12\/wrh_2023_no3_04-1.pdf\">Teachers of Eparchial Women\u2019s Schools in the Ukrainian Provinces of the Russian Empire<\/a>, Second Half of the 19th to Early 20th Centuries: A Collective Portrait<\/strong><br \/><em>Nauczyciele diecezjalnych szk\u00f3\u0142 \u017ce\u0144skich w guberniach ukrai\u0144skich Imperium Rosyjskiego, drugiej po\u0142owy XIX i na pocz\u0105tku XX wieku: portret zbiorowy<\/em><\/p>\n<p><strong>Iryna Shandra<\/strong> (Kharkiv State Academy of Culture; Szko\u0142a G\u0142\u00f3wna Handlowa w Warszawie)<br \/><a href=\"http:\/\/wrh.edu.pl\/wp-content\/uploads\/2023\/12\/wrh_2023_no3_05-1.pdf\"><strong>\u201eMore Civilized and Regular\u201d: An Outside View of Labor Conditions in the Kingdom of Poland in the Late 19th Century<\/strong><\/a><br \/><em>\u201eBardziej cywilizowane i uporz\u0105dkowane\u201d: spojrzenie z zewn\u0105trz na warunki pracy w Kr\u00f3lestwie Polskim pod koniec XIX wieku<\/em><\/p>\n<p>\u00a0<\/p>\n<p style=\"text-align: center;\"><em>\u00a0<\/em><strong>National identities and national projects<\/strong><\/p>\n<p><strong>\u00a0Oleh Zhurba, Tetiana Lytvynova<\/strong> (O. Honchar Dnipro National University)<br \/><strong><a href=\"http:\/\/wrh.edu.pl\/wp-content\/uploads\/2023\/12\/wrh_2023_no3_06-1.pdf\">The Elite of Left-Bank Ukraine in the Second Half of the 18th to Mid-19th Centuries<\/a>: Between Imperial and National Identities<br \/><\/strong><em>Elita lewobrze\u017cnej Ukrainy w drugiej po\u0142owie XVIII i pierwszej XIX wieku: mi\u0119dzy to\u017csamo\u015bci\u0105 imperialn\u0105 a narodow\u0105<\/em><\/p>\n<p><strong>Serhii Naumov<\/strong> (V. N. Karazin Kharkiv National University)<br \/><strong><a href=\"http:\/\/wrh.edu.pl\/wp-content\/uploads\/2023\/12\/wrh_2023_no3_07-1.pdf\">At the Root of the \u2018Ukrainian Project\u2019<\/a>: how Panteleimon Kulish was \u2018Nurtured\u2019 by Poles and \u2018Exposed\u2019 by Russians<\/strong><br \/><em>U podstaw \u201eprojektu ukrai\u0144skiego\u201d: jak Panteleimon Kulisz by\u0142 \u201einspirowany\u201d przez Polak\u00f3w i \u201edemaskowany\u201d przez Rosjan<\/em><\/p>\n<p><strong>Barbara Kalinowska-W\u00f3jcik<\/strong> (University of Silesia)<br \/><strong><a href=\"http:\/\/wrh.edu.pl\/wp-content\/uploads\/2023\/12\/wrh_2023_no3_08-1.pdf\">Between proto-Zionism and para-Masonry<\/a>. The Early Activities of the Concordia Lodge of the B\u2019nai B\u2019rith Order in Katowice<\/strong><br \/><em>Mi\u0119dzy protosyjonizmem a paramasoneri\u0105. Pocz\u0105tki dzia\u0142alno\u015bci Lo\u017cy Concordia zakonu B\u2019nai B\u2019rith w Katowicach<\/em><\/p>\n<p>\u00a0<\/p>\n<p style=\"text-align: center;\"><strong>Personal stories and culture<\/strong><\/p>\n<p><strong>Oleksandr Dobzhanskiy<\/strong> (Y. Fedkovich Chernivtsi National University)<br \/><strong><a href=\"http:\/\/wrh.edu.pl\/wp-content\/uploads\/2023\/12\/wrh_2023_no3_09-1.pdf\">Local Studies in Bukovyna, Last Quarter of the 18th to Early 20th Centuries<\/a>: Emergence, Periodization, and Trends in Development<\/strong><br \/><em>Krajoznawstwo Bukowiny od ko\u0144ca XVIII do pocz\u0105tku XX wieku: kszta\u0142towanie, periodyzacja, tendencje rozwoju<\/em><\/p>\n<p><em>\u00a0<\/em><strong>Vlad Mischevca<\/strong> (Universitatea de Stat din Moldova, Chi\u015fin\u0103u)<br \/><strong><a href=\"http:\/\/wrh.edu.pl\/wp-content\/uploads\/2023\/12\/wrh_2023_no3_10-1.pdf\">Fanarioci jako hospodarowie ksi\u0119stw rumu\u0144skich<\/a> na ziemiach ukrai\u0144skich (Emmanuel Giani-Rosetti, Konstantin Ypsilanti<\/strong>)<br \/><em>Phanariotes as Hospodars of Romanian principalities in Ukrainian lands (Emmanuel Giani-Rosetti, Konstantin Ipsilanti)<\/em><\/p>\n<p><strong>Olga Vovk<\/strong> (V. N. Karazin Kharkiv National University)<br \/><a href=\"http:\/\/wrh.edu.pl\/wp-content\/uploads\/2023\/12\/wrh_2023_no3_11-1.pdf\"><strong>Foreign Lands and Cultures in the Life and Work of Vasyl Karazin<\/strong><\/a><br \/><em>Obce kraje i kultury w \u017cyciu i tw\u00f3rczo\u015bci Wasyla Karazina<\/em><\/p>\n<p><strong>Krzysztof Jan Sadurski<\/strong> (J. Malczewski Museum in Radom)<br \/><strong><a href=\"http:\/\/wrh.edu.pl\/wp-content\/uploads\/2023\/12\/wrh_2023_no3_12-1.pdf\">Letters from Franciszek Brydycki to Marian Dubiecki<\/a> written between the years 1877 and 1881. (A complementary contribution to the life of Poles in Siberia in the 19th century)<\/strong><br \/><em>Listy z lat 1877-1881 Franciszka Brydyckiego do Mariana Dubieckiego. Przyczynek do polskich los\u00f3w na Syberii w XIX wieku<\/em><\/p>\n<p>\u00a0<\/p>\n<p style=\"text-align: center;\"><strong>Historiography<\/strong><\/p>\n<p><strong>Micha\u0142 Patryk Sad\u0142owski<\/strong> (Uniwersytet Warszawski)<br \/><strong><a href=\"http:\/\/wrh.edu.pl\/wp-content\/uploads\/2023\/12\/wrh_2023_no3_13-1.pdf\">Najnowsza rosyjska historiografia wojny domowej w Rosji 1917-1922<\/a>. Wst\u0119p do analizy<\/strong><br \/><em>The latest Russian historiography of the Russian Civil War 1917-1922. Introduction to analysis<\/em><\/p>\n<p>\u00a0<\/p>\n<p><em>\u00a0<\/em><a href=\"http:\/\/wrh.edu.pl\/wp-content\/uploads\/2023\/12\/wrh_2023_no3_noty-1.pdf\"><em>Notes about the Authors<\/em><\/a><\/p>\n<p>\u00a0<\/p>\n<p>\u00a0<\/p>\n<p>\u00a0<\/p>\n","protected":false},"excerpt":{"rendered":"<p>Our long nineteenth centuryedited by Sierhiy Posokhov \u00a0 RADA NAUKOWAprof. dr hab.\u00a0Rolf Fieguth, Uniwersytet we Fryburgu, Szwajcariaprof. dr\u00a0Oleg Witaljewicz Gorbaczow, Uralski Federalny Uniwersytet, Jekaterynburg, Rosjadr\u00a0Gediminas Kaz\u0117nas, Mykolas Romeris University, Wilno, Litwadr\u00a0Jussi Laine, University of Eastern Finland, Finlandiaprof. dr\u00a0Siergiej Walentinowicz Lubiczankowskij, Orenburski Uniwersytet Pa\u0144stwowy, Rosjaprof. dr hab.\u00a0Sigistas Narbutas, Biblioteka Naukowa im. Wr\u00f3blewskich w Wilnie, Litwadr\u00a0Janusz Nowak, [&hellip;]<\/p>\n","protected":false},"author":2,"featured_media":0,"parent":0,"menu_order":43,"comment_status":"closed","ping_status":"closed","template":"","meta":{"footnotes":""},"class_list":["post-2928","page","type-page","status-publish","hentry"],"yoast_head":"<!-- This site is optimized with the Yoast SEO plugin v27.4 - https:\/\/yoast.com\/product\/yoast-seo-wordpress\/ -->\n<title>t. XX (2023), \u2116 3 - Wschodni Rocznik Humanistyczny<\/title>\n<meta name=\"robots\" content=\"index, follow, max-snippet:-1, max-image-preview:large, max-video-preview:-1\" \/>\n<link rel=\"canonical\" href=\"http:\/\/wrh.edu.pl\/?page_id=2928\" \/>\n<meta property=\"og:locale\" content=\"pl_PL\" \/>\n<meta property=\"og:type\" content=\"article\" \/>\n<meta property=\"og:title\" content=\"t. XX (2023), \u2116 3 - Wschodni Rocznik Humanistyczny\" \/>\n<meta property=\"og:description\" content=\"Our long nineteenth centuryedited by Sierhiy Posokhov \u00a0 RADA NAUKOWAprof. dr hab.\u00a0Rolf Fieguth, Uniwersytet we Fryburgu, Szwajcariaprof. dr\u00a0Oleg Witaljewicz Gorbaczow, Uralski Federalny Uniwersytet, Jekaterynburg, Rosjadr\u00a0Gediminas Kaz\u0117nas, Mykolas Romeris University, Wilno, Litwadr\u00a0Jussi Laine, University of Eastern Finland, Finlandiaprof. dr\u00a0Siergiej Walentinowicz Lubiczankowskij, Orenburski Uniwersytet Pa\u0144stwowy, Rosjaprof. dr hab.\u00a0Sigistas Narbutas, Biblioteka Naukowa im. Wr\u00f3blewskich w Wilnie, Litwadr\u00a0Janusz Nowak, [&hellip;]\" \/>\n<meta property=\"og:url\" content=\"http:\/\/wrh.edu.pl\/?page_id=2928\" \/>\n<meta property=\"og:site_name\" content=\"Wschodni Rocznik Humanistyczny\" \/>\n<meta property=\"article:modified_time\" content=\"2023-12-28T15:42:53+00:00\" \/>\n<meta property=\"og:image\" content=\"http:\/\/wrh.edu.pl\/wp-content\/uploads\/2023\/12\/386804437_227787230351827_6675418203181101900_n-1-680x1024.jpg\" \/>\n<meta name=\"twitter:card\" content=\"summary_large_image\" \/>\n<meta name=\"twitter:label1\" content=\"Szacowany czas czytania\" \/>\n\t<meta name=\"twitter:data1\" content=\"5 minut\" \/>\n<script type=\"application\/ld+json\" class=\"yoast-schema-graph\">{\"@context\":\"https:\\\/\\\/schema.org\",\"@graph\":[{\"@type\":\"WebPage\",\"@id\":\"http:\\\/\\\/wrh.edu.pl\\\/?page_id=2928\",\"url\":\"http:\\\/\\\/wrh.edu.pl\\\/?page_id=2928\",\"name\":\"t. XX (2023), \u2116 3 - Wschodni Rocznik Humanistyczny\",\"isPartOf\":{\"@id\":\"http:\\\/\\\/wrh.edu.pl\\\/#website\"},\"primaryImageOfPage\":{\"@id\":\"http:\\\/\\\/wrh.edu.pl\\\/?page_id=2928#primaryimage\"},\"image\":{\"@id\":\"http:\\\/\\\/wrh.edu.pl\\\/?page_id=2928#primaryimage\"},\"thumbnailUrl\":\"http:\\\/\\\/wrh.edu.pl\\\/wp-content\\\/uploads\\\/2023\\\/12\\\/386804437_227787230351827_6675418203181101900_n-1-680x1024.jpg\",\"datePublished\":\"2023-02-14T08:40:01+00:00\",\"dateModified\":\"2023-12-28T15:42:53+00:00\",\"inLanguage\":\"pl-PL\",\"potentialAction\":[{\"@type\":\"ReadAction\",\"target\":[\"http:\\\/\\\/wrh.edu.pl\\\/?page_id=2928\"]}]},{\"@type\":\"ImageObject\",\"inLanguage\":\"pl-PL\",\"@id\":\"http:\\\/\\\/wrh.edu.pl\\\/?page_id=2928#primaryimage\",\"url\":\"http:\\\/\\\/wrh.edu.pl\\\/wp-content\\\/uploads\\\/2023\\\/12\\\/386804437_227787230351827_6675418203181101900_n-1.jpg\",\"contentUrl\":\"http:\\\/\\\/wrh.edu.pl\\\/wp-content\\\/uploads\\\/2023\\\/12\\\/386804437_227787230351827_6675418203181101900_n-1.jpg\",\"width\":1257,\"height\":1894},{\"@type\":\"WebSite\",\"@id\":\"http:\\\/\\\/wrh.edu.pl\\\/#website\",\"url\":\"http:\\\/\\\/wrh.edu.pl\\\/\",\"name\":\"Wschodni Rocznik Humanistyczny\",\"description\":\"Czasopismo naukowe\",\"publisher\":{\"@id\":\"http:\\\/\\\/wrh.edu.pl\\\/#organization\"},\"potentialAction\":[{\"@type\":\"SearchAction\",\"target\":{\"@type\":\"EntryPoint\",\"urlTemplate\":\"http:\\\/\\\/wrh.edu.pl\\\/?s={search_term_string}\"},\"query-input\":{\"@type\":\"PropertyValueSpecification\",\"valueRequired\":true,\"valueName\":\"search_term_string\"}}],\"inLanguage\":\"pl-PL\"},{\"@type\":\"Organization\",\"@id\":\"http:\\\/\\\/wrh.edu.pl\\\/#organization\",\"name\":\"Wschodni Rocznik Humanistyczny\",\"url\":\"http:\\\/\\\/wrh.edu.pl\\\/\",\"logo\":{\"@type\":\"ImageObject\",\"inLanguage\":\"pl-PL\",\"@id\":\"http:\\\/\\\/wrh.edu.pl\\\/#\\\/schema\\\/logo\\\/image\\\/\",\"url\":\"http:\\\/\\\/wrh.edu.pl\\\/wp-content\\\/uploads\\\/2017\\\/07\\\/logo_01.jpg\",\"contentUrl\":\"http:\\\/\\\/wrh.edu.pl\\\/wp-content\\\/uploads\\\/2017\\\/07\\\/logo_01.jpg\",\"width\":154,\"height\":183,\"caption\":\"Wschodni Rocznik Humanistyczny\"},\"image\":{\"@id\":\"http:\\\/\\\/wrh.edu.pl\\\/#\\\/schema\\\/logo\\\/image\\\/\"}}]}<\/script>\n<!-- \/ Yoast SEO plugin. -->","yoast_head_json":{"title":"t. XX (2023), \u2116 3 - Wschodni Rocznik Humanistyczny","robots":{"index":"index","follow":"follow","max-snippet":"max-snippet:-1","max-image-preview":"max-image-preview:large","max-video-preview":"max-video-preview:-1"},"canonical":"http:\/\/wrh.edu.pl\/?page_id=2928","og_locale":"pl_PL","og_type":"article","og_title":"t. XX (2023), \u2116 3 - Wschodni Rocznik Humanistyczny","og_description":"Our long nineteenth centuryedited by Sierhiy Posokhov \u00a0 RADA NAUKOWAprof. dr hab.\u00a0Rolf Fieguth, Uniwersytet we Fryburgu, Szwajcariaprof. dr\u00a0Oleg Witaljewicz Gorbaczow, Uralski Federalny Uniwersytet, Jekaterynburg, Rosjadr\u00a0Gediminas Kaz\u0117nas, Mykolas Romeris University, Wilno, Litwadr\u00a0Jussi Laine, University of Eastern Finland, Finlandiaprof. dr\u00a0Siergiej Walentinowicz Lubiczankowskij, Orenburski Uniwersytet Pa\u0144stwowy, Rosjaprof. dr hab.\u00a0Sigistas Narbutas, Biblioteka Naukowa im. Wr\u00f3blewskich w Wilnie, Litwadr\u00a0Janusz Nowak, [&hellip;]","og_url":"http:\/\/wrh.edu.pl\/?page_id=2928","og_site_name":"Wschodni Rocznik Humanistyczny","article_modified_time":"2023-12-28T15:42:53+00:00","og_image":[{"url":"http:\/\/wrh.edu.pl\/wp-content\/uploads\/2023\/12\/386804437_227787230351827_6675418203181101900_n-1-680x1024.jpg","type":"","width":"","height":""}],"twitter_card":"summary_large_image","twitter_misc":{"Szacowany czas czytania":"5 minut"},"schema":{"@context":"https:\/\/schema.org","@graph":[{"@type":"WebPage","@id":"http:\/\/wrh.edu.pl\/?page_id=2928","url":"http:\/\/wrh.edu.pl\/?page_id=2928","name":"t. XX (2023), \u2116 3 - Wschodni Rocznik Humanistyczny","isPartOf":{"@id":"http:\/\/wrh.edu.pl\/#website"},"primaryImageOfPage":{"@id":"http:\/\/wrh.edu.pl\/?page_id=2928#primaryimage"},"image":{"@id":"http:\/\/wrh.edu.pl\/?page_id=2928#primaryimage"},"thumbnailUrl":"http:\/\/wrh.edu.pl\/wp-content\/uploads\/2023\/12\/386804437_227787230351827_6675418203181101900_n-1-680x1024.jpg","datePublished":"2023-02-14T08:40:01+00:00","dateModified":"2023-12-28T15:42:53+00:00","inLanguage":"pl-PL","potentialAction":[{"@type":"ReadAction","target":["http:\/\/wrh.edu.pl\/?page_id=2928"]}]},{"@type":"ImageObject","inLanguage":"pl-PL","@id":"http:\/\/wrh.edu.pl\/?page_id=2928#primaryimage","url":"http:\/\/wrh.edu.pl\/wp-content\/uploads\/2023\/12\/386804437_227787230351827_6675418203181101900_n-1.jpg","contentUrl":"http:\/\/wrh.edu.pl\/wp-content\/uploads\/2023\/12\/386804437_227787230351827_6675418203181101900_n-1.jpg","width":1257,"height":1894},{"@type":"WebSite","@id":"http:\/\/wrh.edu.pl\/#website","url":"http:\/\/wrh.edu.pl\/","name":"Wschodni Rocznik Humanistyczny","description":"Czasopismo naukowe","publisher":{"@id":"http:\/\/wrh.edu.pl\/#organization"},"potentialAction":[{"@type":"SearchAction","target":{"@type":"EntryPoint","urlTemplate":"http:\/\/wrh.edu.pl\/?s={search_term_string}"},"query-input":{"@type":"PropertyValueSpecification","valueRequired":true,"valueName":"search_term_string"}}],"inLanguage":"pl-PL"},{"@type":"Organization","@id":"http:\/\/wrh.edu.pl\/#organization","name":"Wschodni Rocznik Humanistyczny","url":"http:\/\/wrh.edu.pl\/","logo":{"@type":"ImageObject","inLanguage":"pl-PL","@id":"http:\/\/wrh.edu.pl\/#\/schema\/logo\/image\/","url":"http:\/\/wrh.edu.pl\/wp-content\/uploads\/2017\/07\/logo_01.jpg","contentUrl":"http:\/\/wrh.edu.pl\/wp-content\/uploads\/2017\/07\/logo_01.jpg","width":154,"height":183,"caption":"Wschodni Rocznik Humanistyczny"},"image":{"@id":"http:\/\/wrh.edu.pl\/#\/schema\/logo\/image\/"}}]}},"_links":{"self":[{"href":"http:\/\/wrh.edu.pl\/index.php?rest_route=\/wp\/v2\/pages\/2928","targetHints":{"allow":["GET"]}}],"collection":[{"href":"http:\/\/wrh.edu.pl\/index.php?rest_route=\/wp\/v2\/pages"}],"about":[{"href":"http:\/\/wrh.edu.pl\/index.php?rest_route=\/wp\/v2\/types\/page"}],"author":[{"embeddable":true,"href":"http:\/\/wrh.edu.pl\/index.php?rest_route=\/wp\/v2\/users\/2"}],"replies":[{"embeddable":true,"href":"http:\/\/wrh.edu.pl\/index.php?rest_route=%2Fwp%2Fv2%2Fcomments&post=2928"}],"version-history":[{"count":13,"href":"http:\/\/wrh.edu.pl\/index.php?rest_route=\/wp\/v2\/pages\/2928\/revisions"}],"predecessor-version":[{"id":3116,"href":"http:\/\/wrh.edu.pl\/index.php?rest_route=\/wp\/v2\/pages\/2928\/revisions\/3116"}],"wp:attachment":[{"href":"http:\/\/wrh.edu.pl\/index.php?rest_route=%2Fwp%2Fv2%2Fmedia&parent=2928"}],"curies":[{"name":"wp","href":"https:\/\/api.w.org\/{rel}","templated":true}]}}