{"id":3229,"date":"2024-09-20T10:11:17","date_gmt":"2024-09-20T09:11:17","guid":{"rendered":"http:\/\/wrh.edu.pl\/?page_id=3229"},"modified":"2025-12-21T15:20:21","modified_gmt":"2025-12-21T14:20:21","slug":"t-xxi-2024-%e2%84%96-2","status":"publish","type":"page","link":"http:\/\/wrh.edu.pl\/?page_id=3229","title":{"rendered":"T. XXI (2024), \u2116 2"},"content":{"rendered":"\n\n\n<p>WSCHODNI ROCZNIK HUMANISTYCZNY<br>TOM XXI (2024) No 2<br>Ko\u015bci\u00f3\u0142 unicki w Kr\u00f3lestwie Polskim.<br>Na pami\u0105tk\u0119 150. rocznicy likwidacji przez w\u0142adze rosyjskie<br>pod redakcj\u0105 Andrzeja Gila i Andrzeja Szabaciuka<\/p>\n<p>EASTERN HUMANISTIC ANNALS<br>vol. XXI (2024), No 2<br>The Uniate Church in the Kingdom of Poland.&nbsp;<br>In memory of the 150th anniversary of liquidation by the Russian authorities,<br>edited by Andrzej Gil and Andrzej Szabaciuk<\/p>\n<p>&nbsp;<\/p>\n\n\n\n<figure class=\"wp-block-image size-large\"><img loading=\"lazy\" decoding=\"async\" width=\"676\" height=\"1024\" src=\"http:\/\/wrh.edu.pl\/wp-content\/uploads\/2024\/09\/1c2b7c42-3757-4995-a80a-4255db81a00d-676x1024.jpg\" alt=\"\" class=\"wp-image-3230\" srcset=\"http:\/\/wrh.edu.pl\/wp-content\/uploads\/2024\/09\/1c2b7c42-3757-4995-a80a-4255db81a00d-676x1024.jpg 676w, http:\/\/wrh.edu.pl\/wp-content\/uploads\/2024\/09\/1c2b7c42-3757-4995-a80a-4255db81a00d-198x300.jpg 198w, http:\/\/wrh.edu.pl\/wp-content\/uploads\/2024\/09\/1c2b7c42-3757-4995-a80a-4255db81a00d-768x1164.jpg 768w, http:\/\/wrh.edu.pl\/wp-content\/uploads\/2024\/09\/1c2b7c42-3757-4995-a80a-4255db81a00d-1014x1536.jpg 1014w, http:\/\/wrh.edu.pl\/wp-content\/uploads\/2024\/09\/1c2b7c42-3757-4995-a80a-4255db81a00d-1352x2048.jpg 1352w, http:\/\/wrh.edu.pl\/wp-content\/uploads\/2024\/09\/1c2b7c42-3757-4995-a80a-4255db81a00d-scaled.jpg 1689w\" sizes=\"auto, (max-width: 676px) 100vw, 676px\" \/><\/figure>\n\n\n\n<p>WSCHODNI ROCZNIK HUMANISTYCZNY http:\/\/wrh.edu.pl<\/p>\n<p>EASTERN HUMANISTIC ANNALS<\/p>\n<p>Peer reviewed journal. List of reviewers: http:\/\/wrh.edu.pl\/kolegium-recenzentow\/<\/p>\n<p><strong>Scientific editor of the volume: <\/strong>Andrzej Gil, Andrzej Szabaciuk<\/p>\n<p><strong>Editorial Council<br><\/strong>prof. <strong>Rolf Fieguth <\/strong>(Universit\u00e9 de Fribourg \/ Universit\u00e4t Freiburg, Switzerland), prof. PhD <strong>Gediminas Kaz\u0117nas <\/strong>(Mykolas Romeris University, Vilnius, Lithuania), PhD <strong>Jussi Laine <\/strong>(University of Eastern Finland), prof. <strong>Sigistas Narbutas <\/strong>(Scientific Library Wr\u00f3blewscy in Vilnius, Lithuania), PhD <strong>Janusz Nowak <\/strong>(The Princes Czartoryski Library. National Museum in Krakow, Poland), PhD <strong>Pierre-Etienne Penot <\/strong>(The Catholic University of the Vandee, La Roche-sur-Yon, France), prof. <strong>Miros\u0142aw Piotrowski<\/strong>, (The John Paul II Catholic University of Lublin, Poland), prof. <strong>Marek Plewczy\u0144ski<\/strong> (University of Siedlce, Poland), prof. <strong>Krzysztof Skupie\u0144ski <\/strong>(Maria Curie-Sk\u0142odowska University in Lublin, Poland), PhD <strong>George Soroka <\/strong>(Harvard University, &nbsp;USA), prof. <strong>Maria Starnawska<\/strong> (University of Siedlce, Poland), prof. <strong>Tadeusz M. Trajdos <\/strong>(Institute of History, Polish Academy of Science, Warsaw, Poland), prof. <strong>Marek Wagner <\/strong>(University of Siedlce).<\/p>\n<p><strong>Editorial Staff<br><\/strong>EDITOR IN CHIEF: <strong>Ludmila Posokhova (Kharkiv)<\/strong>; VICE-EDITOR: <strong>Dariusz Magier (Siedlce)<\/strong>; EXECUTIVE SECRETARY ASSOCIATE: <strong>Artur Goszczy\u0144ski (Siedlce)<\/strong>. SECTION EDITORS: Historical Studies \u2013 <strong>Yulia Kiselova<\/strong> <strong>(Kharkiv),<\/strong> <strong>Artur G\u00f3rak (Warszawa),<\/strong> <strong>Krzysztof Latawiec (Lublin)<\/strong>; Philosophy \u2013 vacat; Political Sciences and Administration &#8211; vacat.<br>LANGUAGE EDITORS<strong>: Robert St\u0119pie\u0144<\/strong> (English), <strong>Przemys\u0142aw Tytus Krupski<\/strong> (Polish),<strong> Artur G\u00f3rak <\/strong>(Russian).<br>GRAPHIC DESIGN AND TECHNICAL EDITING: <strong>Przemys\u0142aw Tytus Krupski.<\/strong><\/p>\n<p>Founded by: Towarzystwo Nauki i Kultury \u201eLibra\u201d<br>\u00a9 ToNiK \u201eLibra\u201d<br>ISSN 1731-982X<\/p>\n<p>&nbsp;<\/p>\n<p><img decoding=\"async\" src=\"http:\/\/wrh.edu.pl\/wp-content\/uploads\/2020\/03\/0007-1-300x133-1.jpg\"><\/p>\n\n\n\n<p>\u00a0<\/p>\n<p><strong>Stanis\u0142aw Nabywaniec <\/strong>(Uniwersytet Rzeszowski)<br \/><a href=\"http:\/\/wrh.edu.pl\/wp-content\/uploads\/2024\/09\/Nabywaniec_WRH_v_21_no_2_2024.pdf\">Narzucanie Ko\u015bcio\u0142owi unickiemu w Kr\u00f3lestwie Polskim prawos\u0142awnych form liturgicznych<\/a>, WRH t. XXI, nr 2, s. 7 &#8211; 28.<\/p>\n<p><em>Imposing orthodox liturgical forms on the Uniate Church in the Kingdom of Poland<\/em><\/p>\n<p>\u00a0<\/p>\n<p><strong>Tadeusz Stegner <\/strong>(Uniwersytet Gda\u0144ski)<br \/><a href=\"http:\/\/wrh.edu.pl\/wp-content\/uploads\/2024\/09\/Stegner_WRH_v_21_no_2_2024.pdf\">Zarys rozwoju prawos\u0142awia w Kr\u00f3lestwie Polskim w kontek\u015bcie likwidacji Cerkwi greckokatolickiej<\/a>, WRH t. XXI, nr 2, s. 29 &#8211; 46.<\/p>\n<p><em>Outline of the Development of Orthodoxy in the Kingdom of Poland in the Context of the Liquidation of the Greek Catholic Church<\/em><\/p>\n<p>\u00a0<\/p>\n<p><strong>Waldemar Gli\u0144ski <\/strong>(Uniwersytet Kardyna\u0142a Stefana Wyszy\u0144skiego)<br \/><a href=\"http:\/\/wrh.edu.pl\/wp-content\/uploads\/2024\/09\/Glinski_WRH_v_21_no_2_2024.pdf\">Ksi\u0105dz Pawe\u0142 Szyma\u0144ski \u2013 dziekan Wydzia\u0142u Teologicznego Kr\u00f3lewskiego Uniwersytetu Warszawskiego<\/a>, WRH t. XXI, nr 2, s. 47 &#8211; 62.<\/p>\n<p><em>Father Pawe\u0142 Szyma\u0144ski \u2013 Dean of the Faculty of Theology of the Royal University of Warsaw<\/em><\/p>\n<p>\u00a0<\/p>\n<p><strong>Stanis\u0142aw Wiech<\/strong> (Uniwersytet Jana Kochanowskiego)<br \/><a href=\"http:\/\/wrh.edu.pl\/wp-content\/uploads\/2024\/09\/63-80.pdf\">Kwestia unicka&#8221; w polityce dw\u00f3ch warszawskich genera\u0142\u00f3w-gubernator\u00f3w: Piotra Albiedynskiego i Iosifa Hurki<\/a>, WRH t. XXI, nr 2, s. 63 &#8211; 80.<\/p>\n<p><em>The &#8222;Uniate Question&#8221; in the Politics of Two Warsaw Governor-Generals: Piotr Albiedynskiy and Iosif Hurko<\/em><\/p>\n<p><strong>\u00a0<\/strong><\/p>\n<p><strong>Andrzej Gil<\/strong> (Katolicki Uniwersytet Lubelski)<br \/><a href=\"http:\/\/wrh.edu.pl\/wp-content\/uploads\/2024\/09\/Gil_WRH_v_21_no_2_2024.pdf\">Polityka religijna Aleksandra II wobec Cerkwi unickiej w Kr\u00f3lestwie Polskim i Ko\u015bcio\u0142a lutera\u0144skiego w inflanckich guberniach cesarstwa: studium por\u00f3wnawcze<\/a>, WRH t. XXI, nr 2, s. 81 &#8211; 106.<\/p>\n<p><em>The Uniate Church in the Kingdom of Poland and the Lutheran Church in the Livonian governorates of the Russian Empire in the policy of Alexander II: an attempt at comparison<\/em><\/p>\n<p>\u00a0<\/p>\n<p><strong>Adam Bu\u0142awa<\/strong> (Uniwersytet Kardyna\u0142a Stefana Wyszy\u0144skiego)<br \/><a href=\"http:\/\/wrh.edu.pl\/wp-content\/uploads\/2024\/09\/Bulawa_WRH_v_21_no_2_2024.pdf\">Grekokatolicy wobec polskiego ruchu narodowowyzwole\u0144czego (1860-1864)<\/a>, WRH t. XXI, nr 2, s. 107 &#8211; 128.<\/p>\n<p><em>Uniates towards the Polish national liberation movement (1860-1864)<\/em><\/p>\n<p>\u00a0<\/p>\n<p><strong>Dariusz Tarasiuk<\/strong> (Uniwersytet Marii Curie-Sk\u0142odowskiej)<br \/><a href=\"http:\/\/wrh.edu.pl\/wp-content\/uploads\/2024\/09\/Tarasiuk_WRH_v_21_no_2_2024.pdf\">Jan \u017bypowski (1799-1866) \u2013 niezwyk\u0142a biografia duchownego greckokatolickiego<\/a>, WRH t. XXI, nr 2, s. 129 &#8211; 140.<\/p>\n<p><em>Jan \u017bypowski (1799-1866) \u2013 an extraordinary biography of a Greek Catholic priest<\/em><\/p>\n<p>\u00a0<\/p>\n<p><strong>Andrzej Szabaciuk<\/strong> (Katolicki Uniwersytet Lubelski)<br \/><a href=\"http:\/\/wrh.edu.pl\/wp-content\/uploads\/2024\/09\/Szabaciuk_WRH_v_21_no_2_2024.pdf\">\u017bycie codzienne unit\u00f3w z guberni siedleckiej na zes\u0142aniu w guberni orenburskiej w latach 1875-1905<\/a>, WRH t. XXI, nr 2, s. 141 &#8211; 153.<\/p>\n<p><em>Everyday life of Uniates from the Siedlce Governorate in exile in the Orenburg Governorate in the years 1875-1905<\/em><\/p>\n<p>\u00a0<\/p>\n<p><img loading=\"lazy\" decoding=\"async\" class=\"\" src=\"http:\/\/wrh.edu.pl\/wp-content\/uploads\/2019\/04\/Varia.jpg\" width=\"210\" height=\"82\" \/><\/p>\n<p>\u00a0<\/p>\n<p><strong>Jolanta M. Marszalska <\/strong>(Uniwersytet Kardyna\u0142a Stefana Wyszy\u0144skiego)<br \/><a href=\"http:\/\/wrh.edu.pl\/wp-content\/uploads\/2024\/09\/Marszalska_WRH_v_21_no_2_2024.pdf\">Pobudki religijne czy motywy kolonizacyjne? Trzynastowieczna fundacja klasztoru cysters\u00f3w w Lud\u017amierzu Szczyrzycu Teodora z rodu Gryfit\u00f3w<\/a>, WRH t. XXI, nr 2, s. 155 &#8211; 170.<\/p>\n<p><em>Religious or colonizing motives? Thirteenth-century foundation of the Cistercian monastery in Lud\u017amierz Szczyrzyc by Teodor from the Gryfita family.<\/em><\/p>\n<p>\u00a0<\/p>\n<p><strong>Daniel Sawicki<\/strong> (Bia\u0142a Podlaska)<br \/><a href=\"http:\/\/wrh.edu.pl\/wp-content\/uploads\/2024\/09\/Sawicki_WRH_v_21_no_2_2024.pdf\">Rozw\u00f3j wschodnios\u0142owia\u0144skiej monodii cerkiewnej w XVI w. na przyk\u0142adzie Irmologionu neumatycznego ze zbior\u00f3w dawnych Kijowskiej Akademii Duchownej<\/a>, WRH t. XXI, nr 2, s. 171 &#8211; 196.<\/p>\n<p><em>The development of the East Slavic church monody in the 16th century on the example of the neumatic Irmologion from the former collections of the Kiev Theological Academy<\/em><\/p>\n<p>\u00a0<\/p>\n<p><strong>Monika Sobczak<\/strong> (Uniwersytet Opolski)<br \/><a href=\"http:\/\/wrh.edu.pl\/wp-content\/uploads\/2024\/09\/Sobczak_WRH_v_21_no_2_2024.pdf\">Jekatierina Paw\u0142owna Pieszkowa i dzia\u0142alno\u015b\u0107 Delegatury PCK w Rosji Sowieckiej w latach 1920-1937 na \u0142amach czasopism \u201eCzerwony Krzy\u017c\u201d i \u201ePolski Czerwony Krzy\u017c\u201d<\/a>, WRH t. XXI, nr 2, s. 197 &#8211; 222.<\/p>\n<p><em>Ekaterina Pavlovna Peshkova and the activities of the PCK Delegation in Soviet Russia in 1920-1937 in the pages of the magazines &#8222;Red Cross&#8221; and &#8222;Polish Red Cross&#8221;<\/em><\/p>\n<p>\u00a0<\/p>\n<p><strong><a href=\"http:\/\/wrh.edu.pl\/wp-content\/uploads\/2024\/09\/219_WRH_v_21_no_29_WRH_v_21_no_2wrh_2024_no2_v02.pdf\">Noty o Autorach<\/a>, <\/strong>s. 223 &#8211; 224.<strong><br \/><\/strong><em style=\"font-size: revert; color: initial;\">Notes about the Authors<\/em><\/p>\n\n\n","protected":false},"excerpt":{"rendered":"<p>WSCHODNI ROCZNIK HUMANISTYCZNYTOM XXI (2024) No 2Ko\u015bci\u00f3\u0142 unicki w Kr\u00f3lestwie Polskim.Na pami\u0105tk\u0119 150. rocznicy likwidacji przez w\u0142adze rosyjskiepod redakcj\u0105 Andrzeja Gila i Andrzeja Szabaciuka EASTERN HUMANISTIC ANNALSvol. XXI (2024), No 2The Uniate Church in the Kingdom of Poland.&nbsp;In memory of the 150th anniversary of liquidation by the Russian authorities,edited by Andrzej Gil and Andrzej Szabaciuk [&hellip;]<\/p>\n","protected":false},"author":2,"featured_media":0,"parent":0,"menu_order":46,"comment_status":"closed","ping_status":"closed","template":"","meta":{"footnotes":""},"class_list":["post-3229","page","type-page","status-publish","hentry"],"yoast_head":"<!-- This site is optimized with the Yoast SEO plugin v27.4 - https:\/\/yoast.com\/product\/yoast-seo-wordpress\/ -->\n<title>T. XXI (2024), \u2116 2 - Wschodni Rocznik Humanistyczny<\/title>\n<meta name=\"robots\" content=\"index, follow, max-snippet:-1, max-image-preview:large, max-video-preview:-1\" \/>\n<link rel=\"canonical\" href=\"http:\/\/wrh.edu.pl\/?page_id=3229\" \/>\n<meta property=\"og:locale\" content=\"pl_PL\" \/>\n<meta property=\"og:type\" content=\"article\" \/>\n<meta property=\"og:title\" content=\"T. XXI (2024), \u2116 2 - Wschodni Rocznik Humanistyczny\" \/>\n<meta property=\"og:description\" content=\"WSCHODNI ROCZNIK HUMANISTYCZNYTOM XXI (2024) No 2Ko\u015bci\u00f3\u0142 unicki w Kr\u00f3lestwie Polskim.Na pami\u0105tk\u0119 150. rocznicy likwidacji przez w\u0142adze rosyjskiepod redakcj\u0105 Andrzeja Gila i Andrzeja Szabaciuka EASTERN HUMANISTIC ANNALSvol. XXI (2024), No 2The Uniate Church in the Kingdom of Poland.&nbsp;In memory of the 150th anniversary of liquidation by the Russian authorities,edited by Andrzej Gil and Andrzej Szabaciuk [&hellip;]\" \/>\n<meta property=\"og:url\" content=\"http:\/\/wrh.edu.pl\/?page_id=3229\" \/>\n<meta property=\"og:site_name\" content=\"Wschodni Rocznik Humanistyczny\" \/>\n<meta property=\"article:modified_time\" content=\"2025-12-21T14:20:21+00:00\" \/>\n<meta property=\"og:image\" content=\"http:\/\/wrh.edu.pl\/wp-content\/uploads\/2024\/09\/1c2b7c42-3757-4995-a80a-4255db81a00d-676x1024.jpg\" \/>\n<meta name=\"twitter:card\" content=\"summary_large_image\" \/>\n<meta name=\"twitter:label1\" content=\"Szacowany czas czytania\" \/>\n\t<meta name=\"twitter:data1\" content=\"6 minut\" \/>\n<script type=\"application\/ld+json\" class=\"yoast-schema-graph\">{\"@context\":\"https:\\\/\\\/schema.org\",\"@graph\":[{\"@type\":\"WebPage\",\"@id\":\"http:\\\/\\\/wrh.edu.pl\\\/?page_id=3229\",\"url\":\"http:\\\/\\\/wrh.edu.pl\\\/?page_id=3229\",\"name\":\"T. XXI (2024), \u2116 2 - Wschodni Rocznik Humanistyczny\",\"isPartOf\":{\"@id\":\"http:\\\/\\\/wrh.edu.pl\\\/#website\"},\"primaryImageOfPage\":{\"@id\":\"http:\\\/\\\/wrh.edu.pl\\\/?page_id=3229#primaryimage\"},\"image\":{\"@id\":\"http:\\\/\\\/wrh.edu.pl\\\/?page_id=3229#primaryimage\"},\"thumbnailUrl\":\"http:\\\/\\\/wrh.edu.pl\\\/wp-content\\\/uploads\\\/2024\\\/09\\\/1c2b7c42-3757-4995-a80a-4255db81a00d-676x1024.jpg\",\"datePublished\":\"2024-09-20T09:11:17+00:00\",\"dateModified\":\"2025-12-21T14:20:21+00:00\",\"inLanguage\":\"pl-PL\",\"potentialAction\":[{\"@type\":\"ReadAction\",\"target\":[\"http:\\\/\\\/wrh.edu.pl\\\/?page_id=3229\"]}]},{\"@type\":\"ImageObject\",\"inLanguage\":\"pl-PL\",\"@id\":\"http:\\\/\\\/wrh.edu.pl\\\/?page_id=3229#primaryimage\",\"url\":\"http:\\\/\\\/wrh.edu.pl\\\/wp-content\\\/uploads\\\/2024\\\/09\\\/1c2b7c42-3757-4995-a80a-4255db81a00d-scaled.jpg\",\"contentUrl\":\"http:\\\/\\\/wrh.edu.pl\\\/wp-content\\\/uploads\\\/2024\\\/09\\\/1c2b7c42-3757-4995-a80a-4255db81a00d-scaled.jpg\",\"width\":1689,\"height\":2560},{\"@type\":\"WebSite\",\"@id\":\"http:\\\/\\\/wrh.edu.pl\\\/#website\",\"url\":\"http:\\\/\\\/wrh.edu.pl\\\/\",\"name\":\"Wschodni Rocznik Humanistyczny\",\"description\":\"Czasopismo naukowe\",\"publisher\":{\"@id\":\"http:\\\/\\\/wrh.edu.pl\\\/#organization\"},\"potentialAction\":[{\"@type\":\"SearchAction\",\"target\":{\"@type\":\"EntryPoint\",\"urlTemplate\":\"http:\\\/\\\/wrh.edu.pl\\\/?s={search_term_string}\"},\"query-input\":{\"@type\":\"PropertyValueSpecification\",\"valueRequired\":true,\"valueName\":\"search_term_string\"}}],\"inLanguage\":\"pl-PL\"},{\"@type\":\"Organization\",\"@id\":\"http:\\\/\\\/wrh.edu.pl\\\/#organization\",\"name\":\"Wschodni Rocznik Humanistyczny\",\"url\":\"http:\\\/\\\/wrh.edu.pl\\\/\",\"logo\":{\"@type\":\"ImageObject\",\"inLanguage\":\"pl-PL\",\"@id\":\"http:\\\/\\\/wrh.edu.pl\\\/#\\\/schema\\\/logo\\\/image\\\/\",\"url\":\"http:\\\/\\\/wrh.edu.pl\\\/wp-content\\\/uploads\\\/2017\\\/07\\\/logo_01.jpg\",\"contentUrl\":\"http:\\\/\\\/wrh.edu.pl\\\/wp-content\\\/uploads\\\/2017\\\/07\\\/logo_01.jpg\",\"width\":154,\"height\":183,\"caption\":\"Wschodni Rocznik Humanistyczny\"},\"image\":{\"@id\":\"http:\\\/\\\/wrh.edu.pl\\\/#\\\/schema\\\/logo\\\/image\\\/\"}}]}<\/script>\n<!-- \/ Yoast SEO plugin. -->","yoast_head_json":{"title":"T. XXI (2024), \u2116 2 - Wschodni Rocznik Humanistyczny","robots":{"index":"index","follow":"follow","max-snippet":"max-snippet:-1","max-image-preview":"max-image-preview:large","max-video-preview":"max-video-preview:-1"},"canonical":"http:\/\/wrh.edu.pl\/?page_id=3229","og_locale":"pl_PL","og_type":"article","og_title":"T. XXI (2024), \u2116 2 - Wschodni Rocznik Humanistyczny","og_description":"WSCHODNI ROCZNIK HUMANISTYCZNYTOM XXI (2024) No 2Ko\u015bci\u00f3\u0142 unicki w Kr\u00f3lestwie Polskim.Na pami\u0105tk\u0119 150. rocznicy likwidacji przez w\u0142adze rosyjskiepod redakcj\u0105 Andrzeja Gila i Andrzeja Szabaciuka EASTERN HUMANISTIC ANNALSvol. XXI (2024), No 2The Uniate Church in the Kingdom of Poland.&nbsp;In memory of the 150th anniversary of liquidation by the Russian authorities,edited by Andrzej Gil and Andrzej Szabaciuk [&hellip;]","og_url":"http:\/\/wrh.edu.pl\/?page_id=3229","og_site_name":"Wschodni Rocznik Humanistyczny","article_modified_time":"2025-12-21T14:20:21+00:00","og_image":[{"url":"http:\/\/wrh.edu.pl\/wp-content\/uploads\/2024\/09\/1c2b7c42-3757-4995-a80a-4255db81a00d-676x1024.jpg","type":"","width":"","height":""}],"twitter_card":"summary_large_image","twitter_misc":{"Szacowany czas czytania":"6 minut"},"schema":{"@context":"https:\/\/schema.org","@graph":[{"@type":"WebPage","@id":"http:\/\/wrh.edu.pl\/?page_id=3229","url":"http:\/\/wrh.edu.pl\/?page_id=3229","name":"T. XXI (2024), \u2116 2 - Wschodni Rocznik Humanistyczny","isPartOf":{"@id":"http:\/\/wrh.edu.pl\/#website"},"primaryImageOfPage":{"@id":"http:\/\/wrh.edu.pl\/?page_id=3229#primaryimage"},"image":{"@id":"http:\/\/wrh.edu.pl\/?page_id=3229#primaryimage"},"thumbnailUrl":"http:\/\/wrh.edu.pl\/wp-content\/uploads\/2024\/09\/1c2b7c42-3757-4995-a80a-4255db81a00d-676x1024.jpg","datePublished":"2024-09-20T09:11:17+00:00","dateModified":"2025-12-21T14:20:21+00:00","inLanguage":"pl-PL","potentialAction":[{"@type":"ReadAction","target":["http:\/\/wrh.edu.pl\/?page_id=3229"]}]},{"@type":"ImageObject","inLanguage":"pl-PL","@id":"http:\/\/wrh.edu.pl\/?page_id=3229#primaryimage","url":"http:\/\/wrh.edu.pl\/wp-content\/uploads\/2024\/09\/1c2b7c42-3757-4995-a80a-4255db81a00d-scaled.jpg","contentUrl":"http:\/\/wrh.edu.pl\/wp-content\/uploads\/2024\/09\/1c2b7c42-3757-4995-a80a-4255db81a00d-scaled.jpg","width":1689,"height":2560},{"@type":"WebSite","@id":"http:\/\/wrh.edu.pl\/#website","url":"http:\/\/wrh.edu.pl\/","name":"Wschodni Rocznik Humanistyczny","description":"Czasopismo naukowe","publisher":{"@id":"http:\/\/wrh.edu.pl\/#organization"},"potentialAction":[{"@type":"SearchAction","target":{"@type":"EntryPoint","urlTemplate":"http:\/\/wrh.edu.pl\/?s={search_term_string}"},"query-input":{"@type":"PropertyValueSpecification","valueRequired":true,"valueName":"search_term_string"}}],"inLanguage":"pl-PL"},{"@type":"Organization","@id":"http:\/\/wrh.edu.pl\/#organization","name":"Wschodni Rocznik Humanistyczny","url":"http:\/\/wrh.edu.pl\/","logo":{"@type":"ImageObject","inLanguage":"pl-PL","@id":"http:\/\/wrh.edu.pl\/#\/schema\/logo\/image\/","url":"http:\/\/wrh.edu.pl\/wp-content\/uploads\/2017\/07\/logo_01.jpg","contentUrl":"http:\/\/wrh.edu.pl\/wp-content\/uploads\/2017\/07\/logo_01.jpg","width":154,"height":183,"caption":"Wschodni Rocznik Humanistyczny"},"image":{"@id":"http:\/\/wrh.edu.pl\/#\/schema\/logo\/image\/"}}]}},"_links":{"self":[{"href":"http:\/\/wrh.edu.pl\/index.php?rest_route=\/wp\/v2\/pages\/3229","targetHints":{"allow":["GET"]}}],"collection":[{"href":"http:\/\/wrh.edu.pl\/index.php?rest_route=\/wp\/v2\/pages"}],"about":[{"href":"http:\/\/wrh.edu.pl\/index.php?rest_route=\/wp\/v2\/types\/page"}],"author":[{"embeddable":true,"href":"http:\/\/wrh.edu.pl\/index.php?rest_route=\/wp\/v2\/users\/2"}],"replies":[{"embeddable":true,"href":"http:\/\/wrh.edu.pl\/index.php?rest_route=%2Fwp%2Fv2%2Fcomments&post=3229"}],"version-history":[{"count":8,"href":"http:\/\/wrh.edu.pl\/index.php?rest_route=\/wp\/v2\/pages\/3229\/revisions"}],"predecessor-version":[{"id":3279,"href":"http:\/\/wrh.edu.pl\/index.php?rest_route=\/wp\/v2\/pages\/3229\/revisions\/3279"}],"wp:attachment":[{"href":"http:\/\/wrh.edu.pl\/index.php?rest_route=%2Fwp%2Fv2%2Fmedia&parent=3229"}],"curies":[{"name":"wp","href":"https:\/\/api.w.org\/{rel}","templated":true}]}}